Last updated on 2023-04-01 00:53:00 CEST.
Flavor | Version | Tinstall | Tcheck | Ttotal | Status | Flags |
---|---|---|---|---|---|---|
r-devel-linux-x86_64-debian-clang | 0.1.7 | 261.30 | 128.50 | 389.80 | NOTE | |
r-devel-linux-x86_64-debian-gcc | 0.1.7 | 153.84 | 105.03 | 258.87 | NOTE | |
r-devel-linux-x86_64-fedora-clang | 0.1.7 | 456.75 | NOTE | |||
r-devel-linux-x86_64-fedora-gcc | 0.1.7 | 443.22 | NOTE | |||
r-devel-windows-x86_64 | 0.1.7 | 149.00 | 0.00 | 149.00 | NOTE | |
r-patched-linux-x86_64 | 0.1.7 | 157.33 | 133.87 | 291.20 | NOTE | |
r-release-linux-x86_64 | 0.1.7 | 126.62 | 138.61 | 265.23 | NOTE | |
r-release-macos-arm64 | 0.1.7 | 111.00 | NOTE | |||
r-release-macos-x86_64 | 0.1.7 | 158.00 | NOTE | |||
r-release-windows-x86_64 | 0.1.7 | 250.00 | 206.00 | 456.00 | NOTE | |
r-oldrel-macos-arm64 | 0.1.7 | 112.00 | NOTE | |||
r-oldrel-macos-x86_64 | 0.1.7 | 159.00 | NOTE | |||
r-oldrel-windows-ix86+x86_64 | 0.1.7 | 400.00 | 246.00 | 646.00 | NOTE |
Version: 0.1.7
Check: for GNU extensions in Makefiles
Result: NOTE
GNU make is a SystemRequirements.
Flavors: r-devel-linux-x86_64-debian-clang, r-devel-linux-x86_64-debian-gcc, r-devel-linux-x86_64-fedora-clang, r-devel-linux-x86_64-fedora-gcc, r-devel-windows-x86_64, r-patched-linux-x86_64, r-release-linux-x86_64, r-release-macos-arm64, r-release-macos-x86_64, r-release-windows-x86_64, r-oldrel-macos-arm64, r-oldrel-macos-x86_64, r-oldrel-windows-ix86+x86_64
Version: 0.1.7
Check: installed package size
Result: NOTE
installed size is 50.0Mb
sub-directories of 1Mb or more:
libs 49.2Mb
Flavors: r-release-macos-arm64, r-release-macos-x86_64, r-oldrel-macos-arm64, r-oldrel-macos-x86_64, r-oldrel-windows-ix86+x86_64