Last updated on 2023-10-04 00:58:25 CEST.
Flavor | Version | Tinstall | Tcheck | Ttotal | Status | Flags |
---|---|---|---|---|---|---|
r-devel-linux-x86_64-debian-clang | 0.3.2 | 165.35 | 80.06 | 245.41 | OK | |
r-devel-linux-x86_64-debian-gcc | 0.3.2 | 156.64 | 67.64 | 224.28 | OK | |
r-devel-linux-x86_64-fedora-clang | 0.3.2 | 343.06 | OK | |||
r-devel-linux-x86_64-fedora-gcc | 0.3.2 | 458.44 | OK | |||
r-devel-windows-x86_64 | 0.3.2 | 145.00 | 105.00 | 250.00 | OK | |
r-patched-linux-x86_64 | 0.3.2 | 218.38 | 88.30 | 306.68 | OK | |
r-release-linux-x86_64 | 0.3.2 | 214.00 | 87.17 | 301.17 | OK | |
r-release-macos-arm64 | 0.3.2 | 81.00 | NOTE | |||
r-release-macos-x86_64 | 0.3.2 | 141.00 | NOTE | |||
r-release-windows-x86_64 | 0.3.2 | 184.00 | 125.00 | 309.00 | OK | |
r-oldrel-macos-arm64 | 0.3.2 | 89.00 | NOTE | |||
r-oldrel-macos-x86_64 | 0.3.2 | 135.00 | NOTE | |||
r-oldrel-windows-x86_64 | 0.3.2 | 177.00 | 118.00 | 295.00 | OK |
Version: 0.3.2
Check: installed package size
Result: NOTE
installed size is 27.9Mb
sub-directories of 1Mb or more:
libs 27.7Mb
Flavors: r-release-macos-arm64, r-release-macos-x86_64, r-oldrel-macos-arm64, r-oldrel-macos-x86_64