CRAN Package Check Results for Package glmtoolbox

Last updated on 2024-07-16 00:56:01 CEST.

Flavor Version Tinstall Tcheck Ttotal Status Flags
r-devel-linux-x86_64-debian-clang 0.1.11 22.63 271.71 294.34 OK
r-devel-linux-x86_64-debian-gcc 0.1.11 18.25 179.77 198.02 OK
r-devel-linux-x86_64-fedora-clang 0.1.11 347.62 OK
r-devel-linux-x86_64-fedora-gcc 0.1.11 325.30 OK
r-devel-windows-x86_64 0.1.11 24.00 218.00 242.00 NOTE
r-patched-linux-x86_64 0.1.11 28.95 249.36 278.31 OK
r-release-linux-x86_64 0.1.11 22.09 251.62 273.71 OK
r-release-macos-arm64 0.1.11 81.00 OK
r-release-macos-x86_64 0.1.11 132.00 OK
r-release-windows-x86_64 0.1.11 20.00 218.00 238.00 OK
r-oldrel-macos-arm64 0.1.11 84.00 OK
r-oldrel-macos-x86_64 0.1.11 233.00 OK
r-oldrel-windows-x86_64 0.1.11 28.00 272.00 300.00 OK

Check Details

Version: 0.1.11
Check: Rd cross-references
Result: NOTE Found the following Rd file(s) with Rd \link{} targets missing package anchors: zeroalt.Rd: Formula zeroinf.Rd: Formula Please provide package anchors for all Rd \link{} targets not in the package itself and the base packages. Flavor: r-devel-windows-x86_64