CRAN Package Check Results for Package glmtree

Last updated on 2023-06-03 00:57:09 CEST.

Flavor Version Tinstall Tcheck Ttotal Status Flags
r-devel-linux-x86_64-debian-clang 0.2 3.29 148.12 151.41 NOTE
r-devel-linux-x86_64-debian-gcc 0.2 2.63 114.51 117.14 NOTE
r-devel-linux-x86_64-fedora-clang 0.2 168.66 NOTE
r-devel-linux-x86_64-fedora-gcc 0.2 186.28 NOTE
r-devel-windows-x86_64 0.2 5.00 122.00 127.00 NOTE
r-patched-linux-x86_64 0.2 NOTE
r-release-linux-x86_64 0.2 2.57 133.94 136.51 NOTE
r-release-macos-arm64 0.2 62.00 NOTE
r-release-macos-x86_64 0.2 98.00 NOTE
r-release-windows-x86_64 0.2 5.00 162.00 167.00 NOTE
r-oldrel-macos-arm64 0.2 48.00 NOTE
r-oldrel-macos-x86_64 0.2 86.00 NOTE
r-oldrel-windows-x86_64 0.2 5.00 157.00 162.00 NOTE

Check Details

Version: 0.2
Check: LazyData
Result: NOTE
     'LazyData' is specified without a 'data' directory
Flavors: r-devel-linux-x86_64-debian-clang, r-devel-linux-x86_64-debian-gcc, r-devel-linux-x86_64-fedora-clang, r-devel-linux-x86_64-fedora-gcc, r-devel-windows-x86_64, r-patched-linux-x86_64, r-release-linux-x86_64, r-release-macos-arm64, r-release-macos-x86_64, r-release-windows-x86_64, r-oldrel-macos-arm64, r-oldrel-macos-x86_64, r-oldrel-windows-x86_64