CRAN Package Check Results for Package gmodels

Last updated on 2024-07-24 00:53:51 CEST.

Flavor Version Tinstall Tcheck Ttotal Status Flags
r-devel-linux-x86_64-debian-clang 2.19.1 3.27 35.65 38.92 OK
r-devel-linux-x86_64-debian-gcc 2.19.1 2.94 27.02 29.96 OK
r-devel-linux-x86_64-fedora-clang 2.19.1 49.19 NOTE
r-devel-linux-x86_64-fedora-gcc 2.19.1 46.29 OK
r-devel-windows-x86_64 2.19.1 4.00 49.00 53.00 OK
r-patched-linux-x86_64 2.19.1 3.34 33.98 37.32 OK
r-release-linux-x86_64 2.19.1 3.67 33.61 37.28 OK
r-release-macos-arm64 2.19.1 18.00 OK
r-release-macos-x86_64 2.19.1 30.00 OK
r-release-windows-x86_64 2.19.1 4.00 50.00 54.00 OK
r-oldrel-macos-arm64 2.19.1 37.00 OK
r-oldrel-macos-x86_64 2.19.1 44.00 OK
r-oldrel-windows-x86_64 2.19.1 5.00 53.00 58.00 OK

Check Details

Version: 2.19.1
Check: Rd cross-references
Result: NOTE Undeclared package ‘rms’ in Rd xrefs Flavor: r-devel-linux-x86_64-fedora-clang