CRAN Package Check Results for Package gmvjoint

Last updated on 2024-06-13 00:55:16 CEST.

Flavor Version Tinstall Tcheck Ttotal Status Flags
r-devel-linux-x86_64-debian-clang 0.4.0 99.82 136.42 236.24 OK
r-devel-linux-x86_64-debian-gcc 0.4.0 0.36 1.73 2.09 ERROR
r-devel-linux-x86_64-fedora-clang 0.4.0 319.97 OK
r-devel-linux-x86_64-fedora-gcc 0.4.0 317.54 OK
r-devel-windows-x86_64 0.4.0 72.00 138.00 210.00 OK
r-patched-linux-x86_64 0.4.0 69.45 128.77 198.22 OK
r-release-linux-x86_64 0.4.0 88.69 130.23 218.92 OK
r-release-macos-arm64 0.4.0 72.00 NOTE
r-release-macos-x86_64 0.4.0 106.00 NOTE
r-release-windows-x86_64 0.4.0 74.00 144.00 218.00 OK
r-oldrel-macos-arm64 0.4.0 77.00 NOTE
r-oldrel-macos-x86_64 0.4.0 144.00 NOTE
r-oldrel-windows-x86_64 0.4.0 91.00 172.00 263.00 OK

Check Details

Version: 0.4.0
Check: package dependencies
Result: ERROR Package required but not available: ‘glmmTMB’ See section ‘The DESCRIPTION file’ in the ‘Writing R Extensions’ manual. Flavor: r-devel-linux-x86_64-debian-gcc

Version: 0.4.0
Check: installed package size
Result: NOTE installed size is 7.3Mb sub-directories of 1Mb or more: libs 6.8Mb Flavors: r-release-macos-arm64, r-release-macos-x86_64, r-oldrel-macos-arm64, r-oldrel-macos-x86_64