CRAN Package Check Results for Package gnFit

Last updated on 2021-10-19 00:49:18 CEST.

Flavor Version Tinstall Tcheck Ttotal Status Flags
r-devel-linux-x86_64-debian-clang 0.2.0 7.67 59.53 67.20 NOTE
r-devel-linux-x86_64-debian-gcc 0.2.0 6.08 48.25 54.33 NOTE
r-devel-linux-x86_64-fedora-clang 0.2.0 89.87 NOTE
r-devel-linux-x86_64-fedora-gcc 0.2.0 78.30 NOTE
r-devel-windows-x86_64 0.2.0 11.00 78.00 89.00 NOTE
r-devel-windows-x86_64-gcc10-UCRT 0.2.0 NOTE
r-patched-linux-x86_64 0.2.0 5.80 58.39 64.19 NOTE
r-patched-solaris-x86 0.2.0 118.80 NOTE
r-release-linux-x86_64 0.2.0 6.63 57.61 64.24 NOTE
r-release-macos-arm64 0.2.0 NOTE
r-release-macos-x86_64 0.2.0 NOTE
r-release-windows-ix86+x86_64 0.2.0 14.00 82.00 96.00 NOTE
r-oldrel-macos-x86_64 0.2.0 OK
r-oldrel-windows-ix86+x86_64 0.2.0 16.00 79.00 95.00 OK

Check Details

Version: 0.2.0
Check: LazyData
Result: NOTE
     'LazyData' is specified without a 'data' directory
Flavors: r-devel-linux-x86_64-debian-clang, r-devel-linux-x86_64-debian-gcc, r-devel-linux-x86_64-fedora-clang, r-devel-linux-x86_64-fedora-gcc, r-devel-windows-x86_64, r-devel-windows-x86_64-gcc10-UCRT, r-patched-linux-x86_64, r-patched-solaris-x86, r-release-linux-x86_64, r-release-macos-arm64, r-release-macos-x86_64, r-release-windows-ix86+x86_64