CRAN Package Check Results for Package gnumeric

Last updated on 2023-03-22 00:52:22 CET.

Flavor Version Tinstall Tcheck Ttotal Status Flags
r-devel-linux-x86_64-debian-clang 0.7-8 2.40 30.55 32.95 OK
r-devel-linux-x86_64-debian-gcc 0.7-8 1.94 23.89 25.83 OK
r-devel-linux-x86_64-fedora-clang 0.7-8 43.59 NOTE
r-devel-linux-x86_64-fedora-gcc 0.7-8 39.96 OK
r-patched-linux-x86_64 0.7-8 3.31 31.31 34.62 OK
r-release-linux-x86_64 0.7-8 2.89 30.94 33.83 OK
r-release-macos-arm64 0.7-8 17.00 OK
r-release-macos-x86_64 0.7-8 25.00 OK
r-release-windows-x86_64 0.7-8 12.00 63.00 75.00 OK
r-oldrel-macos-arm64 0.7-8 21.00 OK
r-oldrel-macos-x86_64 0.7-8 30.00 OK
r-oldrel-windows-ix86+x86_64 0.7-8 7.00 53.00 60.00 OK

Check Details

Version: 0.7-8
Check: Rd cross-references
Result: NOTE
    Undeclared package ‘gdata’ in Rd xrefs
Flavor: r-devel-linux-x86_64-fedora-clang