CRAN Package Check Results for Package goodpractice

Last updated on 2021-10-22 00:50:27 CEST.

Flavor Version Tinstall Tcheck Ttotal Status Flags
r-devel-linux-x86_64-debian-clang 1.0.2 8.40 89.80 98.20 NOTE
r-devel-linux-x86_64-debian-gcc 1.0.2 5.96 70.69 76.65 NOTE
r-devel-linux-x86_64-fedora-clang 1.0.2 126.13 NOTE
r-devel-linux-x86_64-fedora-gcc 1.0.2 116.24 NOTE
r-devel-windows-x86_64 1.0.2 13.00 165.00 178.00 NOTE
r-devel-windows-x86_64-gcc10-UCRT 1.0.0 NOTE
r-patched-linux-x86_64 1.0.2 7.72 70.52 78.24 NOTE
r-patched-solaris-x86 1.0.2 103.10 NOTE
r-release-linux-x86_64 1.0.2 7.41 71.27 78.68 NOTE
r-release-macos-arm64 1.0.2 NOTE
r-release-macos-x86_64 1.0.2 NOTE
r-release-windows-ix86+x86_64 1.0.2 15.00 118.00 133.00 NOTE
r-oldrel-macos-x86_64 1.0.2 OK
r-oldrel-windows-ix86+x86_64 1.0.2 15.00 123.00 138.00 OK

Check Details

Version: 1.0.2
Check: LazyData
Result: NOTE
     'LazyData' is specified without a 'data' directory
Flavors: r-devel-linux-x86_64-debian-clang, r-devel-linux-x86_64-debian-gcc, r-devel-linux-x86_64-fedora-clang, r-devel-linux-x86_64-fedora-gcc, r-devel-windows-x86_64, r-devel-windows-x86_64-gcc10-UCRT, r-patched-linux-x86_64, r-patched-solaris-x86, r-release-linux-x86_64, r-release-macos-arm64, r-release-macos-x86_64, r-release-windows-ix86+x86_64