Last updated on 2023-09-24 00:56:43 CEST.
Flavor | Version | Tinstall | Tcheck | Ttotal | Status | Flags |
---|---|---|---|---|---|---|
r-devel-linux-x86_64-debian-clang | 1.0.4 | 7.08 | 98.66 | 105.74 | NOTE | |
r-devel-linux-x86_64-debian-gcc | 1.0.4 | 6.38 | 74.56 | 80.94 | NOTE | |
r-devel-linux-x86_64-fedora-clang | 1.0.4 | 128.82 | NOTE | |||
r-devel-linux-x86_64-fedora-gcc | 1.0.4 | 160.19 | NOTE | |||
r-devel-windows-x86_64 | 1.0.4 | 11.00 | 107.00 | 118.00 | NOTE | |
r-patched-linux-x86_64 | 1.0.4 | 7.33 | 93.08 | 100.41 | OK | |
r-release-linux-x86_64 | 1.0.4 | 7.84 | 93.84 | 101.68 | OK | |
r-release-macos-arm64 | 1.0.4 | 65.00 | OK | |||
r-release-macos-x86_64 | 1.0.4 | 93.00 | OK | |||
r-release-windows-x86_64 | 1.0.4 | 13.00 | 124.00 | 137.00 | OK | |
r-oldrel-macos-arm64 | 1.0.4 | 65.00 | OK | |||
r-oldrel-macos-x86_64 | 1.0.4 | 78.00 | OK | |||
r-oldrel-windows-x86_64 | 1.0.4 | 13.00 | 133.00 | 146.00 | OK |
Version: 1.0.4
Check: Rd metadata
Result: NOTE
Rd files without \alias:
‘goodpractice-package.Rd’
Flavors: r-devel-linux-x86_64-debian-clang, r-devel-linux-x86_64-debian-gcc, r-devel-linux-x86_64-fedora-clang, r-devel-linux-x86_64-fedora-gcc, r-devel-windows-x86_64