Last updated on 2023-11-29 00:50:19 CET.
Flavor | Version | Tinstall | Tcheck | Ttotal | Status | Flags |
---|---|---|---|---|---|---|
r-devel-linux-x86_64-debian-clang | 1.1.0 | 15.35 | 90.43 | 105.78 | NOTE | |
r-devel-linux-x86_64-debian-gcc | 1.1.0 | 9.14 | 67.15 | 76.29 | NOTE | |
r-devel-linux-x86_64-fedora-clang | 1.1.0 | 128.70 | NOTE | |||
r-devel-linux-x86_64-fedora-gcc | 1.1.0 | 129.54 | NOTE | |||
r-devel-windows-x86_64 | 1.1.0 | 15.00 | 105.00 | 120.00 | OK | |
r-patched-linux-x86_64 | 1.1.0 | 10.83 | 84.06 | 94.89 | NOTE | |
r-release-linux-x86_64 | 1.1.0 | 8.00 | 84.45 | 92.45 | NOTE | |
r-release-macos-arm64 | 1.1.0 | 39.00 | OK | |||
r-release-macos-x86_64 | 1.1.0 | 55.00 | OK | |||
r-release-windows-x86_64 | 1.1.0 | 17.00 | 117.00 | 134.00 | OK | |
r-oldrel-macos-arm64 | 1.1.0 | 39.00 | OK | |||
r-oldrel-macos-x86_64 | 1.1.0 | 52.00 | OK | |||
r-oldrel-windows-x86_64 | 1.1.0 | 19.00 | 104.00 | 123.00 | OK |
Version: 1.1.0
Check: package dependencies
Result: NOTE
Package suggested but not available for checking: ‘ganalytics’
Flavors: r-devel-linux-x86_64-debian-clang, r-devel-linux-x86_64-debian-gcc, r-devel-linux-x86_64-fedora-clang, r-devel-linux-x86_64-fedora-gcc, r-patched-linux-x86_64, r-release-linux-x86_64
Version: 1.1.0
Check: Rd files
Result: NOTE
checkRd: (-1) ga_data_filter.Rd:28: Lost braces in \itemize; meant \describe ?
checkRd: (-1) ga_data_filter.Rd:29: Lost braces in \itemize; meant \describe ?
checkRd: (-1) ga_data_filter.Rd:30: Lost braces in \itemize; meant \describe ?
checkRd: (-1) ga_data_filter.Rd:31: Lost braces in \itemize; meant \describe ?
checkRd: (-1) ga_data_filter.Rd:32: Lost braces in \itemize; meant \describe ?
checkRd: (-1) ga_data_filter.Rd:33: Lost braces in \itemize; meant \describe ?
checkRd: (-1) ga_data_filter.Rd:34: Lost braces in \itemize; meant \describe ?
checkRd: (-1) ga_data_filter.Rd:35: Lost braces in \itemize; meant \describe ?
checkRd: (-1) ga_data_filter.Rd:36: Lost braces in \itemize; meant \describe ?
checkRd: (-1) ga_data_order.Rd:27: Lost braces in \itemize; meant \describe ?
checkRd: (-1) ga_data_order.Rd:28: Lost braces in \itemize; meant \describe ?
checkRd: (-1) ga_data_order.Rd:29: Lost braces in \itemize; meant \describe ?
checkRd: (-1) ga_data_order.Rd:30: Lost braces in \itemize; meant \describe ?
checkRd: (-1) ga_data_order.Rd:31: Lost braces in \itemize; meant \describe ?
checkRd: (-1) ga_data_order.Rd:37: Lost braces in \itemize; meant \describe ?
checkRd: (-1) ga_data_order.Rd:38: Lost braces in \itemize; meant \describe ?
checkRd: (-1) ga_data_order.Rd:39: Lost braces in \itemize; meant \describe ?
checkRd: (-1) ga_model_shiny.Rd:34: Lost braces
34 | \item{date_range}{Most templates support a {{ date_range }} global input for the data import functions, set this to FALSE to remove it}
| ^
checkRd: (-1) ga_model_shiny.Rd:64: Lost braces in \itemize; meant \describe ?
checkRd: (-1) ga_model_shiny.Rd:65: Lost braces in \itemize; meant \describe ?
checkRd: (-1) ga_model_shiny.Rd:66: Lost braces in \itemize; meant \describe ?
checkRd: (-1) ga_model_shiny.Rd:67: Lost braces in \itemize; meant \describe ?
checkRd: (-1) ga_model_shiny.Rd:68: Lost braces in \itemize; meant \describe ?
checkRd: (-1) ga_model_shiny.Rd:69: Lost braces in \itemize; meant \describe ?
checkRd: (-1) ga_model_shiny.Rd:70: Lost braces in \itemize; meant \describe ?
checkRd: (-1) ga_model_shiny.Rd:71: Lost braces in \itemize; meant \describe ?
checkRd: (-1) ga_model_shiny.Rd:72: Lost braces in \itemize; meant \describe ?
checkRd: (-1) ga_model_shiny.Rd:73: Lost braces in \itemize; meant \describe ?
checkRd: (-1) ga_model_shiny.Rd:74: Lost braces in \itemize; meant \describe ?
checkRd: (-1) ga_model_shiny.Rd:75: Lost braces in \itemize; meant \describe ?
checkRd: (-1) ga_model_shiny.Rd:76: Lost braces in \itemize; meant \describe ?
checkRd: (-1) ga_model_shiny.Rd:77: Lost braces in \itemize; meant \describe ?
checkRd: (-1) ga_model_shiny.Rd:78: Lost braces in \itemize; meant \describe ?
Flavors: r-devel-linux-x86_64-debian-clang, r-devel-linux-x86_64-debian-gcc