Last updated on 2023-06-05 00:55:24 CEST.
Flavor | Version | Tinstall | Tcheck | Ttotal | Status | Flags |
---|---|---|---|---|---|---|
r-devel-linux-x86_64-debian-clang | 0.5.0 | 8.50 | 78.73 | 87.23 | OK | |
r-devel-linux-x86_64-debian-gcc | 0.5.0 | 5.90 | 59.15 | 65.05 | OK | |
r-devel-linux-x86_64-fedora-clang | 0.5.0 | 108.84 | NOTE | |||
r-devel-linux-x86_64-fedora-gcc | 0.5.0 | 111.02 | OK | |||
r-devel-windows-x86_64 | 0.5.0 | 12.00 | 97.00 | 109.00 | OK | |
r-patched-linux-x86_64 | 0.5.0 | 10.68 | 74.29 | 84.97 | OK | |
r-release-linux-x86_64 | 0.5.0 | 6.31 | 75.60 | 81.91 | OK | |
r-release-macos-arm64 | 0.5.0 | 37.00 | OK | |||
r-release-macos-x86_64 | 0.5.0 | 56.00 | OK | |||
r-release-windows-x86_64 | 0.5.0 | 12.00 | 113.00 | 125.00 | OK | |
r-oldrel-macos-arm64 | 0.5.0 | 30.00 | OK | |||
r-oldrel-macos-x86_64 | 0.5.0 | 57.00 | OK | |||
r-oldrel-windows-x86_64 | 0.5.0 | 13.00 | 94.00 | 107.00 | OK |
Version: 0.5.0
Check: Rd cross-references
Result: NOTE
Undeclared packages ‘rcmdcheck’, ‘covr’, ‘devtools’, ‘pkgdown’ in Rd xrefs
Flavor: r-devel-linux-x86_64-fedora-clang