CRAN Package Check Results for Package googleTagManageR

Last updated on 2021-10-24 00:50:59 CEST.

Flavor Version Tinstall Tcheck Ttotal Status Flags
r-devel-linux-x86_64-debian-clang 0.1.6 7.30 56.98 64.28 OK
r-devel-linux-x86_64-debian-gcc 0.1.6 4.91 43.20 48.11 OK
r-devel-linux-x86_64-fedora-clang 0.1.6 88.47 NOTE
r-devel-linux-x86_64-fedora-gcc 0.1.6 74.78 NOTE
r-devel-windows-x86_64 0.1.6 12.00 94.00 106.00 OK
r-devel-windows-x86_64-gcc10-UCRT 0.1.6 NOTE
r-patched-linux-x86_64 0.1.6 8.29 53.76 62.05 OK
r-patched-solaris-x86 0.1.6 111.50 NOTE
r-release-linux-x86_64 0.1.6 5.59 53.63 59.22 OK
r-release-macos-arm64 0.1.6 NOTE
r-release-macos-x86_64 0.1.6 NOTE
r-release-windows-ix86+x86_64 0.1.6 12.00 78.00 90.00 OK
r-oldrel-macos-x86_64 0.1.6 NOTE
r-oldrel-windows-ix86+x86_64 0.1.6 16.00 84.00 100.00 OK

Check Details

Version: 0.1.6
Check: dependencies in R code
Result: NOTE
    Namespaces in Imports field not imported from:
     ‘assertthat’ ‘future’ ‘httr’ ‘jsonlite’
     All declared Imports should be used.
Flavors: r-devel-linux-x86_64-fedora-clang, r-devel-linux-x86_64-fedora-gcc, r-devel-windows-x86_64-gcc10-UCRT, r-patched-solaris-x86, r-release-macos-arm64, r-release-macos-x86_64, r-oldrel-macos-x86_64