Last updated on 2023-06-10 00:54:46 CEST.
Flavor | Version | Tinstall | Tcheck | Ttotal | Status | Flags |
---|---|---|---|---|---|---|
r-devel-linux-x86_64-debian-clang | 1.1.0 | 7.99 | 83.84 | 91.83 | OK | |
r-devel-linux-x86_64-debian-gcc | 1.1.0 | 6.72 | 62.25 | 68.97 | OK | |
r-devel-linux-x86_64-fedora-clang | 1.1.0 | 113.33 | NOTE | |||
r-devel-linux-x86_64-fedora-gcc | 1.1.0 | 105.82 | OK | |||
r-devel-windows-x86_64 | 1.1.0 | 10.00 | 87.00 | 97.00 | OK | |
r-patched-linux-x86_64 | 1.1.0 | 12.63 | 77.28 | 89.91 | OK | |
r-release-linux-x86_64 | 1.1.0 | 7.57 | 78.62 | 86.19 | OK | |
r-release-macos-arm64 | 1.1.0 | 39.00 | OK | |||
r-release-macos-x86_64 | 1.1.0 | 58.00 | OK | |||
r-release-windows-x86_64 | 1.1.0 | 13.00 | 99.00 | 112.00 | OK | |
r-oldrel-macos-arm64 | 1.1.0 | 34.00 | OK | |||
r-oldrel-macos-x86_64 | 1.1.0 | 49.00 | OK | |||
r-oldrel-windows-x86_64 | 1.1.0 | 12.00 | 100.00 | 112.00 | OK |
Version: 1.1.0
Check: Rd cross-references
Result: NOTE
Undeclared package ‘jsonlite’ in Rd xrefs
Flavor: r-devel-linux-x86_64-fedora-clang