CRAN Package Check Results for Package grandR

Last updated on 2024-02-22 00:58:31 CET.

Flavor Version Tinstall Tcheck Ttotal Status Flags
r-devel-linux-x86_64-debian-clang 0.2.5 NOTE
r-devel-linux-x86_64-debian-gcc 0.2.5 15.79 148.43 164.22 NOTE
r-devel-linux-x86_64-fedora-clang 0.2.5 285.38 NOTE
r-devel-linux-x86_64-fedora-gcc 0.2.5 279.13 NOTE
r-devel-windows-x86_64 0.2.5 21.00 170.00 191.00 OK
r-patched-linux-x86_64 0.2.2 15.94 192.05 207.99 NOTE
r-release-linux-x86_64 0.2.5 12.82 194.67 207.49 NOTE
r-release-macos-arm64 0.2.5 90.00 NOTE
r-release-macos-x86_64 0.2.5 158.00 NOTE
r-release-windows-x86_64 0.2.5 28.00 220.00 248.00 OK
r-oldrel-macos-arm64 0.2.5 82.00 NOTE
r-oldrel-windows-x86_64 0.2.5 31.00 196.00 227.00 OK

Check Details

Version: 0.2.5
Check: package dependencies
Result: NOTE Package suggested but not available for checking: ‘monocle’ Flavors: r-devel-linux-x86_64-debian-clang, r-devel-linux-x86_64-debian-gcc, r-devel-linux-x86_64-fedora-clang, r-devel-linux-x86_64-fedora-gcc, r-release-linux-x86_64, r-release-macos-arm64, r-release-macos-x86_64, r-oldrel-macos-arm64

Version: 0.2.5
Check: Rd cross-references
Result: NOTE Package unavailable to check Rd xrefs: ‘monocle’ Flavors: r-devel-linux-x86_64-debian-clang, r-devel-linux-x86_64-debian-gcc, r-devel-linux-x86_64-fedora-clang, r-devel-linux-x86_64-fedora-gcc, r-release-linux-x86_64, r-release-macos-arm64, r-release-macos-x86_64, r-oldrel-macos-arm64

Version: 0.2.2
Check: package dependencies
Result: NOTE Package suggested but not available for checking: ‘monocle’ Flavor: r-patched-linux-x86_64

Version: 0.2.2
Check: Rd cross-references
Result: NOTE Package unavailable to check Rd xrefs: ‘monocle’ Flavor: r-patched-linux-x86_64