CRAN Package Check Results for Package graph4lg

Last updated on 2023-09-21 00:56:32 CEST.

Flavor Version Tinstall Tcheck Ttotal Status Flags
r-devel-linux-x86_64-debian-clang 1.8.0 13.34 202.49 215.83 OK
r-devel-linux-x86_64-debian-gcc 1.8.0 13.09 146.84 159.93 OK
r-devel-linux-x86_64-fedora-clang 1.8.0 267.89 NOTE
r-devel-linux-x86_64-fedora-gcc 1.8.0 288.29 NOTE
r-devel-windows-x86_64 1.8.0 15.00 183.00 198.00 OK
r-patched-linux-x86_64 1.8.0 11.43 192.18 203.61 OK
r-release-linux-x86_64 1.8.0 15.21 193.58 208.79 OK
r-release-macos-arm64 1.8.0 84.00 OK
r-release-macos-x86_64 1.8.0 138.00 OK
r-release-windows-x86_64 1.8.0 21.00 227.00 248.00 OK
r-oldrel-macos-arm64 1.8.0 68.00 OK
r-oldrel-macos-x86_64 1.8.0 98.00 OK
r-oldrel-windows-x86_64 1.8.0 21.00 215.00 236.00 OK

Check Details

Version: 1.8.0
Check: dependencies in R code
Result: NOTE
    Namespace in Imports field not imported from: ‘Rdpack’
     All declared Imports should be used.
Flavors: r-devel-linux-x86_64-fedora-clang, r-devel-linux-x86_64-fedora-gcc