CRAN Package Check Results for Package graph4lg

Last updated on 2021-10-24 00:50:59 CEST.

Flavor Version Tinstall Tcheck Ttotal Status Flags
r-devel-linux-x86_64-debian-clang 1.2.0 13.97 172.87 186.84 OK
r-devel-linux-x86_64-debian-gcc 1.2.0 11.12 127.92 139.04 OK
r-devel-linux-x86_64-fedora-clang 1.2.0 238.58 NOTE
r-devel-linux-x86_64-fedora-gcc 1.2.0 227.62 NOTE
r-devel-windows-x86_64 1.2.0 24.00 249.00 273.00 OK
r-devel-windows-x86_64-gcc10-UCRT 1.2.0 NOTE
r-patched-linux-x86_64 1.2.0 17.15 180.81 197.96 OK
r-patched-solaris-x86 1.2.0 228.10 NOTE
r-release-linux-x86_64 1.2.0 15.14 179.59 194.73 OK
r-release-macos-arm64 1.2.0 NOTE
r-release-macos-x86_64 1.2.0 NOTE
r-release-windows-ix86+x86_64 1.2.0 23.00 218.00 241.00 OK
r-oldrel-macos-x86_64 1.2.0 NOTE
r-oldrel-windows-ix86+x86_64 1.2.0 29.00 240.00 269.00 OK

Check Details

Version: 1.2.0
Check: package dependencies
Result: NOTE
    Imports includes 23 non-default packages.
    Importing from so many packages makes the package vulnerable to any of
    them becoming unavailable. Move as many as possible to Suggests and
    use conditionally.
Flavor: r-devel-linux-x86_64-fedora-clang

Version: 1.2.0
Check: dependencies in R code
Result: NOTE
    Namespaces in Imports field not imported from:
     ‘Rdpack’ ‘knitr’ ‘rmarkdown’ ‘spatstat.core’
     All declared Imports should be used.
Flavors: r-devel-linux-x86_64-fedora-clang, r-devel-linux-x86_64-fedora-gcc, r-devel-windows-x86_64-gcc10-UCRT, r-patched-solaris-x86, r-release-macos-arm64, r-release-macos-x86_64, r-oldrel-macos-x86_64