CRAN Package Check Results for Package grapherator

Last updated on 2023-10-01 00:54:29 CEST.

Flavor Version Tinstall Tcheck Ttotal Status Flags
r-devel-linux-x86_64-debian-clang 1.0.0 12.18 139.85 152.03 NOTE
r-devel-linux-x86_64-debian-gcc 1.0.0 9.95 101.33 111.28 NOTE
r-devel-linux-x86_64-fedora-clang 1.0.0 180.21 NOTE
r-devel-linux-x86_64-fedora-gcc 1.0.0 190.48 NOTE
r-devel-windows-x86_64 1.0.0 14.00 126.00 140.00 NOTE
r-patched-linux-x86_64 1.0.0 10.29 131.45 141.74 NOTE
r-release-linux-x86_64 1.0.0 12.84 130.89 143.73 NOTE
r-release-macos-arm64 1.0.0 67.00 NOTE
r-release-macos-x86_64 1.0.0 98.00 NOTE
r-release-windows-x86_64 1.0.0 16.00 158.00 174.00 NOTE
r-oldrel-macos-arm64 1.0.0 49.00 NOTE
r-oldrel-macos-x86_64 1.0.0 92.00 NOTE
r-oldrel-windows-x86_64 1.0.0 17.00 136.00 153.00 NOTE

Check Details

Version: 1.0.0
Check: LazyData
Result: NOTE
     'LazyData' is specified without a 'data' directory
Flavors: r-devel-linux-x86_64-debian-clang, r-devel-linux-x86_64-debian-gcc, r-devel-linux-x86_64-fedora-clang, r-devel-linux-x86_64-fedora-gcc, r-devel-windows-x86_64, r-patched-linux-x86_64, r-release-linux-x86_64, r-release-macos-arm64, r-release-macos-x86_64, r-release-windows-x86_64, r-oldrel-macos-arm64, r-oldrel-macos-x86_64, r-oldrel-windows-x86_64

Version: 1.0.0
Check: dependencies in R code
Result: NOTE
    Namespace in Imports field not imported from: ‘reshape2’
     All declared Imports should be used.
Flavors: r-devel-linux-x86_64-fedora-clang, r-devel-linux-x86_64-fedora-gcc, r-oldrel-macos-arm64, r-oldrel-macos-x86_64