CRAN Package Check Results for Package graphicalExtremes

Last updated on 2023-11-28 00:56:49 CET.

Flavor Version Tinstall Tcheck Ttotal Status Flags
r-devel-linux-x86_64-debian-clang 0.3.0 16.41 139.58 155.99 OK
r-devel-linux-x86_64-debian-gcc 0.3.0 15.04 105.94 120.98 OK
r-devel-linux-x86_64-fedora-clang 0.3.0 190.46 NOTE
r-devel-linux-x86_64-fedora-gcc 0.3.0 202.65 OK
r-devel-windows-x86_64 0.3.0 14.00 314.00 328.00 OK
r-patched-linux-x86_64 0.3.0 14.19 130.48 144.67 OK
r-release-linux-x86_64 0.3.0 10.72 132.94 143.66 OK
r-release-macos-arm64 0.3.0 175.00 OK
r-release-macos-x86_64 0.3.0 417.00 OK
r-release-windows-x86_64 0.3.0 21.00 406.00 427.00 OK
r-oldrel-macos-arm64 0.3.0 162.00 OK
r-oldrel-macos-x86_64 0.2.0 97.00 OK
r-oldrel-windows-x86_64 0.3.0 21.00 416.00 437.00 OK

Check Details

Version: 0.3.0
Check: Rd cross-references
Result: NOTE Undeclared package ‘glasso’ in Rd xrefs Flavor: r-devel-linux-x86_64-fedora-clang