CRAN Package Check Results for Package graphicalVAR

Last updated on 2021-10-22 00:50:27 CEST.

Flavor Version Tinstall Tcheck Ttotal Status Flags
r-devel-linux-x86_64-debian-clang 0.2.4 37.85 112.48 150.33 OK
r-devel-linux-x86_64-debian-gcc 0.3 30.95 82.07 113.02 OK
r-devel-linux-x86_64-fedora-clang 0.3 211.86 OK
r-devel-linux-x86_64-fedora-gcc 0.3 137.70 OK
r-devel-windows-x86_64 0.2.4 62.00 148.00 210.00 OK
r-devel-windows-x86_64-gcc10-UCRT 0.2.4 ERROR
r-patched-linux-x86_64 0.2.4 36.49 104.88 141.37 OK
r-patched-solaris-x86 0.3 244.50 OK
r-release-linux-x86_64 0.3 36.68 102.72 139.40 OK
r-release-macos-arm64 0.2.4 OK
r-release-macos-x86_64 0.3 OK
r-release-windows-ix86+x86_64 0.2.4 85.00 187.00 272.00 OK
r-oldrel-macos-x86_64 0.3 OK
r-oldrel-windows-ix86+x86_64 0.2.4 106.00 194.00 300.00 OK

Check Details

Version: 0.2.4
Check: package dependencies
Result: ERROR
    Packages required but not available: 'qgraph', 'igraph'
    
    See section 'The DESCRIPTION file' in the 'Writing R Extensions'
    manual.
Flavor: r-devel-windows-x86_64-gcc10-UCRT