CRAN Package Check Results for Package graphkernels

Last updated on 2024-06-25 00:58:01 CEST.

Flavor Version Tinstall Tcheck Ttotal Status Flags
r-devel-linux-x86_64-debian-clang 1.6.1 61.51 64.52 126.03 NOTE
r-devel-linux-x86_64-debian-gcc 1.6.1 49.12 51.68 100.80 NOTE
r-devel-linux-x86_64-fedora-clang 1.6.1 160.76 NOTE
r-devel-linux-x86_64-fedora-gcc 1.6.1 181.80 NOTE
r-devel-windows-x86_64 1.6.1 48.00 95.00 143.00 NOTE
r-patched-linux-x86_64 1.6.1 60.16 66.69 126.85 NOTE
r-release-linux-x86_64 1.6.1 61.87 67.43 129.30 NOTE
r-release-macos-arm64 1.6.1 46.00 NOTE
r-release-macos-x86_64 1.6.1 65.00 NOTE
r-release-windows-x86_64 1.6.1 50.00 95.00 145.00 NOTE
r-oldrel-macos-arm64 1.6.1 51.00 NOTE
r-oldrel-macos-x86_64 1.6.1 75.00 NOTE
r-oldrel-windows-x86_64 1.6.1 59.00 109.00 168.00 NOTE

Check Details

Version: 1.6.1
Check: C++ specification
Result: NOTE Specified C++11: please drop specification unless essential Flavors: r-devel-linux-x86_64-debian-clang, r-devel-linux-x86_64-debian-gcc, r-devel-linux-x86_64-fedora-clang, r-devel-linux-x86_64-fedora-gcc, r-devel-windows-x86_64, r-patched-linux-x86_64, r-release-linux-x86_64, r-release-macos-arm64, r-release-macos-x86_64, r-release-windows-x86_64, r-oldrel-macos-arm64, r-oldrel-macos-x86_64, r-oldrel-windows-x86_64

Version: 1.6.1
Check: installed package size
Result: NOTE installed size is 15.9Mb sub-directories of 1Mb or more: libs 15.8Mb Flavors: r-release-macos-arm64, r-release-macos-x86_64, r-oldrel-macos-arm64, r-oldrel-macos-x86_64