CRAN Package Check Results for Package graphlayouts

Last updated on 2021-10-25 00:49:12 CEST.

Flavor Version Tinstall Tcheck Ttotal Status Flags
r-devel-linux-x86_64-debian-clang 0.7.1 75.47 40.30 115.77 OK
r-devel-linux-x86_64-debian-gcc 0.7.1 52.21 31.12 83.33 OK
r-devel-linux-x86_64-fedora-clang 0.7.1 181.60 NOTE
r-devel-linux-x86_64-fedora-gcc 0.7.1 149.29 OK
r-devel-windows-x86_64 0.7.1 97.00 81.00 178.00 OK
r-devel-windows-x86_64-gcc10-UCRT 0.7.1 OK
r-patched-linux-x86_64 0.7.1 63.16 39.08 102.24 OK
r-patched-solaris-x86 0.7.1 148.70 OK
r-release-linux-x86_64 0.7.1 58.23 38.27 96.50 OK
r-release-macos-arm64 0.7.1 NOTE
r-release-macos-x86_64 0.7.1 NOTE
r-release-windows-ix86+x86_64 0.7.1 128.00 88.00 216.00 OK
r-oldrel-macos-x86_64 0.7.1 NOTE
r-oldrel-windows-ix86+x86_64 0.7.1 187.00 98.00 285.00 OK

Check Details

Version: 0.7.1
Check: installed package size
Result: NOTE
     installed size is 5.6Mb
     sub-directories of 1Mb or more:
     help 2.4Mb
     libs 3.0Mb
Flavors: r-devel-linux-x86_64-fedora-clang, r-release-macos-arm64, r-release-macos-x86_64, r-oldrel-macos-x86_64