CRAN Package Check Results for Package graphsim

Last updated on 2021-10-22 00:50:27 CEST.

Flavor Version Tinstall Tcheck Ttotal Status Flags
r-devel-linux-x86_64-debian-clang 1.0.2 8.52 82.64 91.16 OK
r-devel-linux-x86_64-debian-gcc 1.0.2 7.72 62.79 70.51 OK
r-devel-linux-x86_64-fedora-clang 1.0.2 121.95 NOTE
r-devel-linux-x86_64-fedora-gcc 1.0.2 110.98 NOTE
r-devel-windows-x86_64 1.0.2 14.00 113.00 127.00 OK
r-devel-windows-x86_64-gcc10-UCRT 1.0.2 ERROR
r-patched-linux-x86_64 1.0.2 9.27 79.54 88.81 OK
r-patched-solaris-x86 1.0.2 160.20 NOTE
r-release-linux-x86_64 1.0.2 9.56 80.03 89.59 OK
r-release-macos-arm64 1.0.2 NOTE
r-release-macos-x86_64 1.0.2 NOTE
r-release-windows-ix86+x86_64 1.0.2 14.00 108.00 122.00 OK
r-oldrel-macos-x86_64 1.0.2 NOTE
r-oldrel-windows-ix86+x86_64 1.0.2 19.00 112.00 131.00 OK

Check Details

Version: 1.0.2
Check: dependencies in R code
Result: NOTE
    Namespace in Imports field not imported from: ‘utils’
     All declared Imports should be used.
Flavors: r-devel-linux-x86_64-fedora-clang, r-devel-linux-x86_64-fedora-gcc, r-patched-solaris-x86, r-release-macos-arm64, r-release-macos-x86_64, r-oldrel-macos-x86_64

Version: 1.0.2
Check: package dependencies
Result: ERROR
    Package required but not available: 'igraph'
    
    See section 'The DESCRIPTION file' in the 'Writing R Extensions'
    manual.
Flavor: r-devel-windows-x86_64-gcc10-UCRT