Last updated on 2023-10-04 00:58:25 CEST.
Flavor | Version | Tinstall | Tcheck | Ttotal | Status | Flags |
---|---|---|---|---|---|---|
r-devel-linux-x86_64-debian-clang | 0.7-4 | 20.32 | 137.95 | 158.27 | NOTE | |
r-devel-linux-x86_64-debian-gcc | 0.7-4 | 14.79 | 100.73 | 115.52 | NOTE | |
r-devel-linux-x86_64-fedora-clang | 0.7-4 | 189.95 | NOTE | |||
r-devel-linux-x86_64-fedora-gcc | 0.7-4 | 197.47 | NOTE | |||
r-devel-windows-x86_64 | 0.7-4 | 15.00 | 112.00 | 127.00 | NOTE | |
r-patched-linux-x86_64 | 0.7-4 | 12.89 | 132.95 | 145.84 | NOTE | |
r-release-linux-x86_64 | 0.7-4 | 17.17 | 134.42 | 151.59 | NOTE | |
r-release-macos-arm64 | 0.7-4 | 59.00 | NOTE | |||
r-release-macos-x86_64 | 0.7-4 | 151.00 | NOTE | |||
r-release-windows-x86_64 | 0.7-4 | 21.00 | 140.00 | 161.00 | NOTE | |
r-oldrel-macos-arm64 | 0.7-4 | 58.00 | NOTE | |||
r-oldrel-macos-x86_64 | 0.7-4 | 81.00 | NOTE | |||
r-oldrel-windows-x86_64 | 0.7-4 | 22.00 | 134.00 | 156.00 | NOTE |
Version: 0.7-4
Check: R code for possible problems
Result: NOTE
accrualReport: multiple local function definitions for ‘gg’ with
different formal arguments
Flavors: r-devel-linux-x86_64-debian-clang, r-devel-linux-x86_64-debian-gcc, r-devel-linux-x86_64-fedora-clang, r-devel-linux-x86_64-fedora-gcc, r-devel-windows-x86_64, r-patched-linux-x86_64, r-release-linux-x86_64, r-release-macos-arm64, r-release-macos-x86_64, r-release-windows-x86_64, r-oldrel-macos-arm64, r-oldrel-macos-x86_64, r-oldrel-windows-x86_64