CRAN Package Check Results for Package grf

Last updated on 2021-10-17 00:48:38 CEST.

Flavor Version Tinstall Tcheck Ttotal Status Flags
r-devel-linux-x86_64-debian-clang 2.0.2 305.13 86.04 391.17 NOTE
r-devel-linux-x86_64-debian-gcc 2.0.2 210.43 70.45 280.88 NOTE
r-devel-linux-x86_64-fedora-clang 2.0.2 630.94 NOTE
r-devel-linux-x86_64-fedora-gcc 2.0.2 529.77 NOTE
r-devel-windows-x86_64 2.0.2 332.00 101.00 433.00 NOTE
r-devel-windows-x86_64-gcc10-UCRT 2.0.2 NOTE
r-patched-linux-x86_64 2.0.2 260.34 88.35 348.69 NOTE
r-patched-solaris-x86 2.0.2 465.00 NOTE
r-release-linux-x86_64 2.0.2 269.49 88.71 358.20 NOTE
r-release-macos-arm64 2.0.2 NOTE
r-release-macos-x86_64 2.0.2 NOTE
r-release-windows-ix86+x86_64 2.0.2 578.00 171.00 749.00 NOTE
r-oldrel-macos-x86_64 2.0.2 NOTE
r-oldrel-windows-ix86+x86_64 2.0.2 782.00 175.00 957.00 NOTE

Check Details

Version: 2.0.2
Check: for GNU extensions in Makefiles
Result: NOTE
    GNU make is a SystemRequirements.
Flavors: r-devel-linux-x86_64-debian-clang, r-devel-linux-x86_64-debian-gcc, r-devel-linux-x86_64-fedora-clang, r-devel-linux-x86_64-fedora-gcc, r-devel-windows-x86_64, r-devel-windows-x86_64-gcc10-UCRT, r-patched-linux-x86_64, r-patched-solaris-x86, r-release-linux-x86_64, r-release-macos-arm64, r-release-macos-x86_64, r-release-windows-ix86+x86_64, r-oldrel-macos-x86_64, r-oldrel-windows-ix86+x86_64

Version: 2.0.2
Check: installed package size
Result: NOTE
     installed size is 28.3Mb
     sub-directories of 1Mb or more:
     libs 27.8Mb
Flavors: r-devel-linux-x86_64-fedora-clang, r-release-macos-arm64, r-release-macos-x86_64, r-oldrel-macos-x86_64