CRAN Package Check Results for Package gridExtra

Last updated on 2021-09-20 00:48:50 CEST.

Flavor Version Tinstall Tcheck Ttotal Status Flags
r-devel-linux-x86_64-debian-clang 2.3 2.74 46.63 49.37 OK
r-devel-linux-x86_64-debian-gcc 2.3 1.82 34.45 36.27 OK
r-devel-linux-x86_64-fedora-clang 2.3 65.74 OK
r-devel-linux-x86_64-fedora-gcc 2.3 55.15 OK
r-devel-windows-x86_64 2.3 6.00 52.00 58.00 OK
r-devel-windows-x86_64-gcc10-UCRT 2.3 ERROR
r-patched-linux-x86_64 2.3 2.96 30.55 33.51 OK
r-patched-solaris-x86 2.3 78.90 OK
r-release-linux-x86_64 2.3 2.39 31.66 34.05 OK
r-release-macos-arm64 2.3 OK
r-release-macos-x86_64 2.3 OK
r-release-windows-ix86+x86_64 2.3 7.00 37.00 44.00 OK
r-oldrel-macos-x86_64 2.3 OK
r-oldrel-windows-ix86+x86_64 2.3 6.00 40.00 46.00 OK

Check Details

Version: 2.3
Check: whether package can be installed
Result: WARN
    Found the following significant warnings:
     WARNING: installation-time patches will not be applied, could not get the patches index
Flavor: r-devel-windows-x86_64-gcc10-UCRT

Version: 2.3
Check: PDF version of manual
Result: WARN
    LaTeX errors when creating PDF version.
    This typically indicates Rd problems.
Flavor: r-devel-windows-x86_64-gcc10-UCRT

Version: 2.3
Check: PDF version of manual without hyperrefs or index
Result: ERROR
    Re-running with no redirection of stdout/stderr.
Flavor: r-devel-windows-x86_64-gcc10-UCRT