CRAN Package Check Results for Package gridOT

Last updated on 2024-06-14 00:53:44 CEST.

Flavor Version Tinstall Tcheck Ttotal Status Flags
r-devel-linux-x86_64-debian-clang 1.0.1 101.72 32.14 133.86 NOTE
r-devel-linux-x86_64-debian-gcc 1.0.1 65.31 24.31 89.62 NOTE
r-devel-linux-x86_64-fedora-clang 1.0.1 195.28 NOTE
r-devel-linux-x86_64-fedora-gcc 1.0.1 189.88 NOTE
r-devel-windows-x86_64 1.0.1 72.00 63.00 135.00 NOTE
r-patched-linux-x86_64 1.0.1 76.96 30.72 107.68 NOTE
r-release-linux-x86_64 1.0.1 72.50 30.98 103.48 NOTE
r-release-macos-arm64 1.0.1 38.00 NOTE
r-release-macos-x86_64 1.0.1 39.00 NOTE
r-release-windows-x86_64 1.0.1 68.00 68.00 136.00 NOTE
r-oldrel-macos-arm64 1.0.1 41.00 NOTE
r-oldrel-macos-x86_64 1.0.1 72.00 NOTE
r-oldrel-windows-x86_64 1.0.1 87.00 76.00 163.00 NOTE

Check Details

Version: 1.0.1
Check: C++ specification
Result: NOTE Specified C++11: please drop specification unless essential Flavors: r-devel-linux-x86_64-debian-clang, r-devel-linux-x86_64-debian-gcc, r-devel-linux-x86_64-fedora-clang, r-devel-linux-x86_64-fedora-gcc, r-devel-windows-x86_64, r-patched-linux-x86_64, r-release-linux-x86_64, r-release-macos-arm64, r-release-macos-x86_64, r-release-windows-x86_64, r-oldrel-macos-arm64, r-oldrel-macos-x86_64, r-oldrel-windows-x86_64