Last updated on 2023-12-04 00:52:43 CET.
Flavor | Version | Tinstall | Tcheck | Ttotal | Status | Flags |
---|---|---|---|---|---|---|
r-devel-linux-x86_64-debian-clang | 1.0.5.1 | 120.61 | 65.05 | 185.66 | OK | |
r-devel-linux-x86_64-debian-gcc | 1.0.5.1 | 76.35 | 51.05 | 127.40 | OK | |
r-devel-linux-x86_64-fedora-clang | 1.0.5.1 | 266.11 | OK | |||
r-devel-linux-x86_64-fedora-gcc | 1.0.5.1 | 265.82 | OK | |||
r-devel-windows-x86_64 | 1.0.5.1 | 88.00 | 105.00 | 193.00 | OK | |
r-patched-linux-x86_64 | 1.0.5.1 | 66.75 | 62.79 | 129.54 | OK | |
r-release-linux-x86_64 | 1.0.5.1 | 74.94 | 63.25 | 138.19 | OK | |
r-release-macos-arm64 | 1.0.5.1 | 155.00 | NOTE | |||
r-release-macos-x86_64 | 1.0.5.1 | 147.00 | NOTE | |||
r-release-windows-x86_64 | 1.0.5.1 | 114.00 | 127.00 | 241.00 | OK | |
r-oldrel-macos-arm64 | 1.0.5.1 | 60.00 | NOTE | |||
r-oldrel-macos-x86_64 | 1.0.5.1 | 91.00 | NOTE | |||
r-oldrel-windows-x86_64 | 1.0.5.1 | 100.00 | 117.00 | 217.00 | OK |
Version: 1.0.5.1
Check: installed package size
Result: NOTE
installed size is 8.6Mb
sub-directories of 1Mb or more:
libs 8.2Mb
Flavors: r-release-macos-arm64, r-release-macos-x86_64, r-oldrel-macos-arm64, r-oldrel-macos-x86_64