CRAN Package Check Results for Package groupedSurv

Last updated on 2021-10-24 00:50:59 CEST.

Flavor Version Tinstall Tcheck Ttotal Status Flags
r-devel-linux-x86_64-debian-clang 1.0.4.2 96.73 59.53 156.26 OK
r-devel-linux-x86_64-debian-gcc 1.0.4.2 69.66 46.39 116.05 OK
r-devel-linux-x86_64-fedora-clang 1.0.4.2 255.06 NOTE
r-devel-linux-x86_64-fedora-gcc 1.0.4.2 210.29 OK
r-devel-windows-x86_64 1.0.4.2 127.00 106.00 233.00 OK
r-devel-windows-x86_64-gcc10-UCRT 1.0.4.2 OK
r-patched-linux-x86_64 1.0.4.2 85.93 57.82 143.75 OK
r-patched-solaris-x86 1.0.4.2 212.60 OK
r-release-linux-x86_64 1.0.4.2 87.01 57.55 144.56 OK
r-release-macos-arm64 1.0.4.2 NOTE
r-release-macos-x86_64 1.0.4.2 NOTE
r-release-windows-ix86+x86_64 1.0.4.2 176.00 126.00 302.00 OK
r-oldrel-macos-x86_64 1.0.4.2 NOTE
r-oldrel-windows-ix86+x86_64 1.0.4.2 246.00 128.00 374.00 OK

Check Details

Version: 1.0.4.2
Check: installed package size
Result: NOTE
     installed size is 8.3Mb
     sub-directories of 1Mb or more:
     libs 7.9Mb
Flavors: r-devel-linux-x86_64-fedora-clang, r-release-macos-arm64, r-release-macos-x86_64, r-oldrel-macos-x86_64

Version: 1.0.4.2
Check: package dependencies
Result: NOTE
    Package suggested but not available for checking: ‘snplist’
Flavor: r-release-macos-arm64