CRAN Package Check Results for Package gsbm

Last updated on 2021-10-22 00:50:27 CEST.

Flavor Version Tinstall Tcheck Ttotal Status Flags
r-devel-linux-x86_64-debian-clang 0.2.1 7.05 552.54 559.59 OK
r-devel-linux-x86_64-debian-gcc 0.2.1 7.21 354.43 361.64 OK
r-devel-linux-x86_64-fedora-clang 0.2.1 614.99 OK
r-devel-linux-x86_64-fedora-gcc 0.2.1 615.34 OK
r-devel-windows-x86_64 0.2.1 13.00 600.00 613.00 OK
r-devel-windows-x86_64-gcc10-UCRT 0.2.1 WARN
r-patched-linux-x86_64 0.2.1 8.64 499.72 508.36 OK
r-patched-solaris-x86 0.2.1 917.00 OK
r-release-linux-x86_64 0.2.1 8.22 505.99 514.21 OK
r-release-macos-arm64 0.2.1 OK
r-release-macos-x86_64 0.2.1 OK
r-release-windows-ix86+x86_64 0.2.1 15.00 841.00 856.00 OK
r-oldrel-macos-x86_64 0.2.1 OK
r-oldrel-windows-ix86+x86_64 0.2.1 19.00 619.00 638.00 OK

Check Details

Version: 0.2.1
Check: package dependencies
Result: NOTE
    Packages suggested but not available for checking: 'igraph', 'missSBM'
Flavor: r-devel-windows-x86_64-gcc10-UCRT

Version: 0.2.1
Check: re-building of vignette outputs
Result: WARN
    Error(s) in re-building vignettes:
    --- re-building 'PrimarySchool.Rmd' using rmarkdown
    Quitting from lines 21-33 (PrimarySchool.Rmd)
    Error: processing vignette 'PrimarySchool.Rmd' failed with diagnostics:
    there is no package called 'igraph'
    --- failed re-building 'PrimarySchool.Rmd'
    
    --- re-building 'blogosphere.Rmd' using rmarkdown
    Quitting from lines 22-32 (blogosphere.Rmd)
    Error: processing vignette 'blogosphere.Rmd' failed with diagnostics:
    there is no package called 'igraph'
    --- failed re-building 'blogosphere.Rmd'
    
    --- re-building 'les_miserables.Rmd' using rmarkdown
    Quitting from lines 18-22 (les_miserables.Rmd)
    Error: processing vignette 'les_miserables.Rmd' failed with diagnostics:
    there is no package called 'igraph'
    --- failed re-building 'les_miserables.Rmd'
    
    SUMMARY: processing the following files failed:
     'PrimarySchool.Rmd' 'blogosphere.Rmd' 'les_miserables.Rmd'
    
    Error: Vignette re-building failed.
    Execution halted
Flavor: r-devel-windows-x86_64-gcc10-UCRT