CRAN Package Check Results for Package gt

Last updated on 2023-01-29 00:53:36 CET.

Flavor Version Tinstall Tcheck Ttotal Status Flags
r-devel-linux-x86_64-debian-clang 0.8.0 23.41 292.99 316.40 OK
r-devel-linux-x86_64-debian-gcc 0.8.0 19.62 214.60 234.22 OK
r-devel-linux-x86_64-fedora-clang 0.8.0 397.56 NOTE
r-devel-linux-x86_64-fedora-gcc 0.8.0 391.50 NOTE
r-devel-windows-x86_64 0.8.0 122.00 285.00 407.00 OK
r-patched-linux-x86_64 0.8.0 30.98 256.17 287.15 OK
r-release-linux-x86_64 0.8.0 21.39 257.87 279.26 OK
r-release-macos-arm64 0.8.0 117.00 NOTE
r-release-macos-x86_64 0.8.0 103.00 NOTE
r-release-windows-x86_64 0.8.0 81.00 246.00 327.00 OK
r-oldrel-macos-arm64 0.8.0 99.00 NOTE
r-oldrel-macos-x86_64 0.8.0 106.00 NOTE
r-oldrel-windows-ix86+x86_64 0.8.0 42.00 243.00 285.00 OK

Check Details

Version: 0.8.0
Check: data for non-ASCII characters
Result: NOTE
     Note: found 116 marked UTF-8 strings
Flavors: r-devel-linux-x86_64-fedora-clang, r-devel-linux-x86_64-fedora-gcc, r-release-macos-arm64, r-release-macos-x86_64, r-oldrel-macos-arm64, r-oldrel-macos-x86_64