Last updated on 2023-09-27 23:37:35 CEST.
Flavor | Version | Tinstall | Tcheck | Ttotal | Status | Flags |
---|---|---|---|---|---|---|
r-devel-linux-x86_64-debian-clang | 0.1.3 | 30.70 | 87.87 | 118.57 | OK | |
r-devel-linux-x86_64-debian-gcc | 0.1.3 | 24.91 | 64.37 | 89.28 | OK | |
r-devel-linux-x86_64-fedora-clang | 0.1.3 | 147.93 | NOTE | |||
r-devel-linux-x86_64-fedora-gcc | 0.1.3 | 152.61 | NOTE | |||
r-devel-windows-x86_64 | 0.1.3 | 28.00 | 94.00 | 122.00 | OK | |
r-patched-linux-x86_64 | 0.1.3 | 23.33 | 82.70 | 106.03 | OK | |
r-release-linux-x86_64 | 0.1.3 | 22.94 | 81.94 | 104.88 | OK | |
r-release-macos-arm64 | 0.1.3 | 43.00 | OK | |||
r-release-macos-x86_64 | 0.1.3 | 69.00 | OK | |||
r-release-windows-x86_64 | 0.1.3 | 36.00 | 114.00 | 150.00 | OK | |
r-oldrel-macos-arm64 | 0.1.3 | 47.00 | NOTE | |||
r-oldrel-macos-x86_64 | 0.1.3 | 83.00 | NOTE | |||
r-oldrel-windows-x86_64 | 0.1.3 | 33.00 | 115.00 | 148.00 | OK |
Version: 0.1.3
Check: dependencies in R code
Result: NOTE
Namespaces in Imports field not imported from:
‘DT’ ‘attempt’ ‘corpcor’ ‘glue’ ‘htmltools’ ‘pkgload’ ‘processx’
‘tools’
All declared Imports should be used.
Flavors: r-devel-linux-x86_64-fedora-clang, r-devel-linux-x86_64-fedora-gcc, r-oldrel-macos-arm64, r-oldrel-macos-x86_64