CRAN Package Check Results for Package gwrr

Last updated on 2021-10-20 00:49:40 CEST.

Flavor Version Tinstall Tcheck Ttotal Status Flags
r-devel-linux-x86_64-debian-clang 0.2-1 6.49 73.67 80.16 NOTE
r-devel-linux-x86_64-debian-gcc 0.2-1 6.37 53.82 60.19 NOTE
r-devel-linux-x86_64-fedora-clang 0.2-1 104.03 NOTE
r-devel-linux-x86_64-fedora-gcc 0.2-1 91.45 NOTE
r-devel-windows-x86_64 0.2-1 12.00 94.00 106.00 NOTE
r-devel-windows-x86_64-gcc10-UCRT 0.2-1 NOTE
r-patched-linux-x86_64 0.2-1 7.22 68.50 75.72 NOTE
r-patched-solaris-x86 0.2-1 132.80 NOTE
r-release-linux-x86_64 0.2-1 5.65 68.65 74.30 NOTE
r-release-macos-arm64 0.2-1 NOTE
r-release-macos-x86_64 0.2-1 NOTE
r-release-windows-ix86+x86_64 0.2-1 13.00 92.00 105.00 NOTE
r-oldrel-macos-x86_64 0.2-1 NOTE
r-oldrel-windows-ix86+x86_64 0.2-1 18.00 103.00 121.00 NOTE

Check Details

Version: 0.2-1
Check: dependencies in R code
Result: NOTE
    'library' or 'require' calls to packages already attached by Depends:
     'fields' 'lars'
     Please remove these calls from your code.
    Package in Depends field not imported from: 'lars'
     These packages need to be imported from (in the NAMESPACE file)
     for when this namespace is loaded but not attached.
Flavors: r-devel-linux-x86_64-debian-clang, r-devel-linux-x86_64-debian-gcc, r-devel-linux-x86_64-fedora-clang, r-devel-linux-x86_64-fedora-gcc, r-devel-windows-x86_64, r-devel-windows-x86_64-gcc10-UCRT, r-patched-linux-x86_64, r-patched-solaris-x86, r-release-linux-x86_64, r-release-macos-arm64, r-release-macos-x86_64, r-release-windows-ix86+x86_64, r-oldrel-macos-x86_64, r-oldrel-windows-ix86+x86_64

Version: 0.2-1
Check: R code for possible problems
Result: NOTE
    gwl.beta: no visible global function definition for 'lars'
    gwl.cv.err: no visible global function definition for 'lars'
    gwl.est: no visible global function definition for 'lm'
    gwr.bw.est: no visible global function definition for 'lm'
    gwr.est: no visible global function definition for 'lm'
    gwr.rsquare: no visible global function definition for 'cor'
    gwrr.est: no visible global function definition for 'lm'
    Undefined global functions or variables:
     cor lars lm
    Consider adding
     importFrom("stats", "cor", "lm")
    to your NAMESPACE file.
Flavors: r-devel-linux-x86_64-debian-clang, r-devel-linux-x86_64-debian-gcc, r-devel-linux-x86_64-fedora-clang, r-devel-linux-x86_64-fedora-gcc, r-devel-windows-x86_64, r-devel-windows-x86_64-gcc10-UCRT, r-patched-linux-x86_64, r-patched-solaris-x86, r-release-linux-x86_64, r-release-macos-arm64, r-release-macos-x86_64, r-release-windows-ix86+x86_64, r-oldrel-macos-x86_64, r-oldrel-windows-ix86+x86_64