CRAN Package Check Results for Package hNMF

Last updated on 2023-09-26 01:06:23 CEST.

Flavor Version Tinstall Tcheck Ttotal Status Flags
r-devel-linux-x86_64-debian-clang 1.0 12.49 106.30 118.79 NOTE
r-devel-linux-x86_64-debian-gcc 1.0 8.70 78.27 86.97 NOTE
r-devel-linux-x86_64-fedora-clang 1.0 142.19 NOTE
r-devel-linux-x86_64-fedora-gcc 1.0 141.67 NOTE
r-devel-windows-x86_64 1.0 10.00 87.00 97.00 NOTE
r-patched-linux-x86_64 1.0 9.23 98.43 107.66 NOTE
r-release-linux-x86_64 1.0 10.14 98.82 108.96 NOTE
r-release-macos-arm64 1.0 47.00 NOTE
r-release-macos-x86_64 1.0 67.00 NOTE
r-release-windows-x86_64 1.0 16.00 104.00 120.00 NOTE
r-oldrel-macos-arm64 1.0 41.00 NOTE
r-oldrel-macos-x86_64 1.0 81.00 NOTE
r-oldrel-windows-x86_64 1.0 14.00 108.00 122.00 NOTE

Check Details

Version: 1.0
Check: LazyData
Result: NOTE
     'LazyData' is specified without a 'data' directory
Flavors: r-devel-linux-x86_64-debian-clang, r-devel-linux-x86_64-debian-gcc, r-devel-linux-x86_64-fedora-clang, r-devel-linux-x86_64-fedora-gcc, r-devel-windows-x86_64, r-patched-linux-x86_64, r-release-linux-x86_64, r-release-macos-arm64, r-release-macos-x86_64, r-release-windows-x86_64, r-oldrel-macos-arm64, r-oldrel-macos-x86_64, r-oldrel-windows-x86_64