CRAN Package Check Results for Package hacksaw

Last updated on 2021-10-26 00:59:53 CEST.

Flavor Version Tinstall Tcheck Ttotal Status Flags
r-devel-linux-x86_64-debian-clang 0.0.2 2.35 25.03 27.38 NOTE
r-devel-linux-x86_64-debian-gcc 0.0.2 1.76 19.90 21.66 NOTE
r-devel-linux-x86_64-fedora-clang 0.0.2 44.18 NOTE
r-devel-linux-x86_64-fedora-gcc 0.0.2 33.50 NOTE
r-devel-windows-x86_64 0.0.2 4.00 44.00 48.00 NOTE
r-devel-windows-x86_64-gcc10-UCRT 0.0.2 NOTE
r-patched-linux-x86_64 0.0.2 2.35 24.46 26.81 NOTE
r-patched-solaris-x86 0.0.2 50.80 NOTE
r-release-linux-x86_64 0.0.2 2.14 24.46 26.60 NOTE
r-release-macos-arm64 0.0.2 NOTE
r-release-macos-x86_64 0.0.2 NOTE
r-release-windows-ix86+x86_64 0.0.2 4.00 33.00 37.00 NOTE
r-oldrel-macos-x86_64 0.0.2 OK
r-oldrel-windows-ix86+x86_64 0.0.2 6.00 42.00 48.00 OK

Check Details

Version: 0.0.2
Check: LazyData
Result: NOTE
     'LazyData' is specified without a 'data' directory
Flavors: r-devel-linux-x86_64-debian-clang, r-devel-linux-x86_64-debian-gcc, r-devel-linux-x86_64-fedora-clang, r-devel-linux-x86_64-fedora-gcc, r-devel-windows-x86_64, r-devel-windows-x86_64-gcc10-UCRT, r-patched-linux-x86_64, r-patched-solaris-x86, r-release-linux-x86_64, r-release-macos-arm64, r-release-macos-x86_64, r-release-windows-ix86+x86_64