CRAN Package Check Results for Package hadron

Last updated on 2021-10-18 00:48:15 CEST.

Flavor Version Tinstall Tcheck Ttotal Status Flags
r-devel-linux-x86_64-debian-clang 3.1.2 40.62 188.32 228.94 OK
r-devel-linux-x86_64-debian-gcc 3.1.2 36.35 133.90 170.25 OK
r-devel-linux-x86_64-fedora-clang 3.1.2 299.66 OK
r-devel-linux-x86_64-fedora-gcc 3.1.2 276.58 OK
r-devel-windows-x86_64 3.1.2 67.00 245.00 312.00 OK
r-devel-windows-x86_64-gcc10-UCRT 3.1.2 OK
r-patched-linux-x86_64 3.1.2 44.34 183.08 227.42 OK
r-patched-solaris-x86 3.1.2 316.10 NOTE
r-release-linux-x86_64 3.1.2 36.89 180.21 217.10 OK
r-release-macos-arm64 3.1.2 NOTE
r-release-macos-x86_64 3.1.2 NOTE
r-release-windows-ix86+x86_64 3.1.2 92.00 288.00 380.00 NOTE
r-oldrel-macos-x86_64 3.1.2 NOTE
r-oldrel-windows-ix86+x86_64 3.1.2 91.00 295.00 386.00 NOTE

Check Details

Version: 3.1.2
Check: package dependencies
Result: NOTE
    Package suggested but not available for checking: ‘staplr’
Flavor: r-patched-solaris-x86

Version: 3.1.2
Check: installed package size
Result: NOTE
     installed size is 5.4Mb
     sub-directories of 1Mb or more:
     data 1.3Mb
     libs 1.8Mb
Flavors: r-release-macos-arm64, r-release-macos-x86_64, r-release-windows-ix86+x86_64, r-oldrel-macos-x86_64, r-oldrel-windows-ix86+x86_64