CRAN Package Check Results for Package harmony

Last updated on 2022-12-08 00:52:21 CET.

Flavor Version Tinstall Tcheck Ttotal Status Flags
r-devel-linux-x86_64-debian-clang 0.1.1 50.49 102.89 153.38 OK
r-devel-linux-x86_64-debian-gcc 0.1.1 41.83 75.54 117.37 OK
r-devel-linux-x86_64-fedora-clang 0.1.1 211.87 NOTE
r-devel-linux-x86_64-fedora-gcc 0.1.1 216.75 NOTE
r-devel-windows-x86_64 0.1.1 52.00 155.00 207.00 OK
r-patched-linux-x86_64 0.1.1 50.26 97.26 147.52 OK
r-release-linux-x86_64 0.1.1 48.91 97.96 146.87 OK
r-release-macos-arm64 0.1.1 67.00 NOTE
r-release-macos-x86_64 0.1.1 79.00 NOTE
r-release-windows-x86_64 0.1.1 53.00 164.00 217.00 OK
r-oldrel-macos-arm64 0.1.1 68.00 NOTE
r-oldrel-macos-x86_64 0.1.1 82.00 NOTE
r-oldrel-windows-ix86+x86_64 0.1.1 126.00 170.00 296.00 OK

Check Details

Version: 0.1.1
Check: dependencies in R code
Result: NOTE
    Namespace in Imports field not imported from: ‘tidyr’
     All declared Imports should be used.
Flavors: r-devel-linux-x86_64-fedora-clang, r-devel-linux-x86_64-fedora-gcc, r-release-macos-arm64, r-release-macos-x86_64, r-oldrel-macos-arm64, r-oldrel-macos-x86_64

Version: 0.1.1
Check: installed package size
Result: NOTE
     installed size is 6.8Mb
     sub-directories of 1Mb or more:
     doc 1.2Mb
     libs 5.0Mb
Flavors: r-release-macos-arm64, r-release-macos-x86_64, r-oldrel-macos-arm64, r-oldrel-macos-x86_64