CRAN Package Check Results for Package harrietr

Last updated on 2021-10-20 00:49:40 CEST.

Flavor Version Tinstall Tcheck Ttotal Status Flags
r-devel-linux-x86_64-debian-clang 0.2.3 6.33 58.63 64.96 OK
r-devel-linux-x86_64-debian-gcc 0.2.3 4.96 44.07 49.03 OK
r-devel-linux-x86_64-fedora-clang 0.2.3 86.08 OK
r-devel-linux-x86_64-fedora-gcc 0.2.3 74.32 OK
r-devel-windows-x86_64 0.2.3 11.00 81.00 92.00 OK
r-devel-windows-x86_64-gcc10-UCRT 0.2.3 OK
r-patched-linux-x86_64 0.2.3 6.07 53.77 59.84 OK
r-patched-solaris-x86 0.2.3 112.50 OK
r-release-linux-x86_64 0.2.3 6.10 55.09 61.19 OK
r-release-macos-arm64 0.2.3 OK
r-release-macos-x86_64 0.2.3 ERROR
r-release-windows-ix86+x86_64 0.2.3 27.00 77.00 104.00 OK
r-oldrel-macos-x86_64 0.2.3 ERROR
r-oldrel-windows-ix86+x86_64 0.2.3 4.00 8.00 12.00 ERROR

Check Details

Version: 0.2.3
Check: package dependencies
Result: ERROR
    Package required but not available: ‘ggtree’
    
    See section ‘The DESCRIPTION file’ in the ‘Writing R Extensions’
    manual.
Flavors: r-release-macos-x86_64, r-oldrel-macos-x86_64

Version: 0.2.3
Check: whether package can be installed
Result: ERROR
    Installation failed.
Flavor: r-oldrel-windows-ix86+x86_64