CRAN Package Check Results for Package hawkes

Last updated on 2024-06-14 00:53:44 CEST.

Flavor Version Tinstall Tcheck Ttotal Status Flags
r-devel-linux-x86_64-debian-clang 0.0-4 39.17 27.48 66.65 OK
r-devel-linux-x86_64-debian-gcc 0.0-4 26.56 21.42 47.98 OK
r-devel-linux-x86_64-fedora-clang 0.0-4 93.74 NOTE
r-devel-linux-x86_64-fedora-gcc 0.0-4 94.77 NOTE
r-devel-windows-x86_64 0.0-4 33.00 59.00 92.00 OK
r-patched-linux-x86_64 0.0-4 30.35 26.70 57.05 OK
r-release-linux-x86_64 0.0-4 33.92 26.78 60.70 OK
r-release-macos-arm64 0.0-4 24.00 OK
r-release-macos-x86_64 0.0-4 34.00 OK
r-release-windows-x86_64 0.0-4 34.00 62.00 96.00 OK
r-oldrel-macos-arm64 0.0-4 29.00 OK
r-oldrel-macos-x86_64 0.0-4 44.00 OK
r-oldrel-windows-x86_64 0.0-4 40.00 70.00 110.00 OK

Check Details

Version: 0.0-4
Check: compiled code
Result: NOTE File ‘hawkes/libs/hawkes.so’: Found no calls to: ‘R_registerRoutines’, ‘R_useDynamicSymbols’ It is good practice to register native routines and to disable symbol search. See ‘Writing portable packages’ in the ‘Writing R Extensions’ manual. Flavors: r-devel-linux-x86_64-fedora-clang, r-devel-linux-x86_64-fedora-gcc