CRAN Package Check Results for Package hazus

Last updated on 2021-10-20 00:49:40 CEST.

Flavor Version Tinstall Tcheck Ttotal Status Flags
r-devel-linux-x86_64-debian-clang 0.1 3.00 35.98 38.98 NOTE
r-devel-linux-x86_64-debian-gcc 0.1 2.22 27.65 29.87 NOTE
r-devel-linux-x86_64-fedora-clang 0.1 57.27 NOTE
r-devel-linux-x86_64-fedora-gcc 0.1 45.35 NOTE
r-devel-windows-x86_64 0.1 7.00 59.00 66.00 NOTE
r-devel-windows-x86_64-gcc10-UCRT 0.1 NOTE
r-patched-linux-x86_64 0.1 2.99 27.67 30.66 NOTE
r-patched-solaris-x86 0.1 71.70 NOTE
r-release-linux-x86_64 0.1 2.88 28.42 31.30 NOTE
r-release-macos-arm64 0.1 NOTE
r-release-macos-x86_64 0.1 NOTE
r-release-windows-ix86+x86_64 0.1 6.00 48.00 54.00 NOTE
r-oldrel-macos-x86_64 0.1 NOTE
r-oldrel-windows-ix86+x86_64 0.1 8.00 52.00 60.00 NOTE

Check Details

Version: 0.1
Check: R code for possible problems
Result: NOTE
    extract_hazus_functions: no visible global function definition for
     'data'
    Undefined global functions or variables:
     data
    Consider adding
     importFrom("utils", "data")
    to your NAMESPACE file.
Flavors: r-devel-linux-x86_64-debian-clang, r-devel-linux-x86_64-debian-gcc, r-devel-linux-x86_64-fedora-clang, r-devel-linux-x86_64-fedora-gcc, r-devel-windows-x86_64, r-devel-windows-x86_64-gcc10-UCRT, r-patched-linux-x86_64, r-patched-solaris-x86, r-release-linux-x86_64, r-release-macos-arm64, r-release-macos-x86_64, r-release-windows-ix86+x86_64, r-oldrel-macos-x86_64, r-oldrel-windows-ix86+x86_64