CRAN Package Check Results for Package hdd

Last updated on 2022-12-09 00:53:28 CET.

Flavor Version Tinstall Tcheck Ttotal Status Flags
r-devel-linux-x86_64-debian-clang 0.1.0 9.68 67.73 77.41 NOTE
r-devel-linux-x86_64-debian-gcc 0.1.0 7.03 56.57 63.60 NOTE
r-devel-linux-x86_64-fedora-clang 0.1.0 108.58 NOTE
r-devel-linux-x86_64-fedora-gcc 0.1.0 113.96 NOTE
r-devel-windows-x86_64 0.1.0 24.00 117.00 141.00 NOTE
r-patched-linux-x86_64 0.1.0 6.13 63.58 69.71 NOTE
r-release-linux-x86_64 0.1.0 8.47 63.29 71.76 NOTE
r-release-macos-arm64 0.1.0 27.00 NOTE
r-release-macos-x86_64 0.1.0 55.00 NOTE
r-release-windows-x86_64 0.1.0 26.00 103.00 129.00 NOTE
r-oldrel-macos-arm64 0.1.0 30.00 NOTE
r-oldrel-macos-x86_64 0.1.0 44.00 NOTE
r-oldrel-windows-ix86+x86_64 0.1.0 18.00 94.00 112.00 NOTE

Additional issues

donttest

Check Details

Version: 0.1.0
Check: LazyData
Result: NOTE
     'LazyData' is specified without a 'data' directory
Flavors: r-devel-linux-x86_64-debian-clang, r-devel-linux-x86_64-debian-gcc, r-devel-linux-x86_64-fedora-clang, r-devel-linux-x86_64-fedora-gcc, r-devel-windows-x86_64, r-patched-linux-x86_64, r-release-linux-x86_64, r-release-macos-arm64, r-release-macos-x86_64, r-release-windows-x86_64, r-oldrel-macos-arm64, r-oldrel-macos-x86_64, r-oldrel-windows-ix86+x86_64