Last updated on 2023-12-02 00:51:58 CET.
Flavor | Version | Tinstall | Tcheck | Ttotal | Status | Flags |
---|---|---|---|---|---|---|
r-devel-linux-x86_64-debian-clang | 0.1.2 | 5.15 | 51.73 | 56.88 | OK | |
r-devel-linux-x86_64-debian-gcc | 0.1.2 | 4.26 | 38.32 | 42.58 | OK | |
r-devel-linux-x86_64-fedora-clang | 0.1.2 | 68.17 | OK | |||
r-devel-linux-x86_64-fedora-gcc | 0.1.2 | 76.29 | OK | |||
r-devel-windows-x86_64 | 0.1.2 | 4.00 | 58.00 | 62.00 | OK | |
r-patched-linux-x86_64 | 0.1.2 | 5.54 | 48.88 | 54.42 | OK | |
r-release-linux-x86_64 | 0.1.2 | 4.91 | 50.38 | 55.29 | OK | |
r-release-macos-arm64 | 0.1.2 | 6.00 | ERROR | |||
r-release-macos-x86_64 | 0.1.2 | 30.00 | OK | |||
r-release-windows-x86_64 | 0.1.2 | 6.00 | 62.00 | 68.00 | OK | |
r-oldrel-macos-arm64 | 0.1.2 | 28.00 | OK | |||
r-oldrel-macos-x86_64 | 0.1.2 | 11.00 | ERROR | |||
r-oldrel-windows-x86_64 | 0.1.2 | 9.00 | 67.00 | 76.00 | OK |
Version: 0.1.2
Check: package dependencies
Result: ERROR
Package required but not available: ‘Heatplus’
See section ‘The DESCRIPTION file’ in the ‘Writing R Extensions’
manual.
Flavors: r-release-macos-arm64, r-oldrel-macos-x86_64