Last updated on 2023-09-21 00:56:33 CEST.
Flavor | Version | Tinstall | Tcheck | Ttotal | Status | Flags |
---|---|---|---|---|---|---|
r-devel-linux-x86_64-debian-clang | 0.4.6 | 36.22 | 297.31 | 333.53 | NOTE | |
r-devel-linux-x86_64-debian-gcc | 0.4.6 | 26.16 | 196.75 | 222.91 | NOTE | |
r-devel-linux-x86_64-fedora-clang | 0.4.6 | 359.93 | NOTE | |||
r-devel-linux-x86_64-fedora-gcc | 0.4.6 | 339.93 | NOTE | |||
r-devel-windows-x86_64 | 0.4.6 | 32.00 | 195.00 | 227.00 | NOTE | |
r-patched-linux-x86_64 | 0.4.6 | 38.32 | 255.80 | 294.12 | NOTE | |
r-release-linux-x86_64 | 0.4.6 | 34.01 | 243.45 | 277.46 | NOTE | |
r-release-macos-arm64 | 0.4.6 | 101.00 | NOTE | |||
r-release-macos-x86_64 | 0.4.6 | 160.00 | NOTE | |||
r-release-windows-x86_64 | 0.4.6 | 41.00 | 239.00 | 280.00 | NOTE | |
r-oldrel-macos-arm64 | 0.4.6 | 82.00 | OK | |||
r-oldrel-macos-x86_64 | 0.4.6 | 160.00 | OK | |||
r-oldrel-windows-x86_64 | 0.4.6 | 40.00 | 231.00 | 271.00 | OK |
Version: 0.4.6
Check: C++ specification
Result: NOTE
Specified C++11: please drop specification unless essential
Flavors: r-devel-linux-x86_64-debian-clang, r-devel-linux-x86_64-debian-gcc, r-devel-linux-x86_64-fedora-clang, r-devel-linux-x86_64-fedora-gcc, r-devel-windows-x86_64, r-patched-linux-x86_64, r-release-linux-x86_64, r-release-macos-arm64, r-release-macos-x86_64, r-release-windows-x86_64