Last updated on 2023-09-23 00:53:54 CEST.
Flavor | Version | Tinstall | Tcheck | Ttotal | Status | Flags |
---|---|---|---|---|---|---|
r-devel-linux-x86_64-debian-clang | 0.16.0 | 15.60 | 359.66 | 375.26 | NOTE | |
r-devel-linux-x86_64-debian-gcc | 0.16.0 | 11.06 | 255.37 | 266.43 | NOTE | |
r-devel-linux-x86_64-fedora-clang | 0.16.0 | 429.83 | NOTE | |||
r-devel-linux-x86_64-fedora-gcc | 0.16.0 | 438.92 | NOTE | |||
r-devel-windows-x86_64 | 0.16.0 | 16.00 | 265.00 | 281.00 | NOTE | |
r-patched-linux-x86_64 | 0.16.0 | 15.52 | 344.14 | 359.66 | OK | |
r-release-linux-x86_64 | 0.16.0 | 16.28 | 331.88 | 348.16 | OK | |
r-release-macos-arm64 | 0.16.0 | 110.00 | OK | |||
r-release-macos-x86_64 | 0.16.0 | 193.00 | OK | |||
r-release-windows-x86_64 | 0.16.0 | 20.00 | 352.00 | 372.00 | OK | |
r-oldrel-macos-arm64 | 0.16.0 | 114.00 | OK | |||
r-oldrel-macos-x86_64 | 0.16.0 | 154.00 | OK | |||
r-oldrel-windows-x86_64 | 0.16.0 | 21.00 | 339.00 | 360.00 | OK |
Version: 0.16.0
Check: Rd \usage sections
Result: NOTE
Documented arguments not in \usage in documentation object 'compute_counts':
‘init’ ‘inflow’
Documented arguments not in \usage in documentation object 'compute_values':
‘counts’
Documented arguments not in \usage in documentation object 'create_demographic_table':
‘...’
Documented arguments not in \usage in documentation object 'eval_strategy_newdata':
‘model’
Documented arguments not in \usage in documentation object 'get_state_value_names':
‘...’
Functions with \usage entries need to have the appropriate \alias
entries, and all their arguments documented.
The \usage entries must correspond to syntactically valid R code.
See chapter ‘Writing R documentation files’ in the ‘Writing R
Extensions’ manual.
Flavors: r-devel-linux-x86_64-debian-clang, r-devel-linux-x86_64-debian-gcc, r-devel-linux-x86_64-fedora-clang, r-devel-linux-x86_64-fedora-gcc, r-devel-windows-x86_64