CRAN Package Check Results for Package hermiter

Last updated on 2024-06-13 00:55:17 CEST.

Flavor Version Tinstall Tcheck Ttotal Status Flags
r-devel-linux-x86_64-debian-clang 2.3.1 34.65 79.24 113.89 NOTE
r-devel-linux-x86_64-debian-gcc 2.3.1 21.42 37.71 59.13 ERROR
r-devel-linux-x86_64-fedora-clang 2.3.1 147.60 NOTE
r-devel-linux-x86_64-fedora-gcc 2.3.1 162.36 NOTE
r-devel-windows-x86_64 2.3.1 29.00 99.00 128.00 NOTE
r-patched-linux-x86_64 2.3.1 27.79 76.24 104.03 NOTE
r-release-linux-x86_64 2.3.1 28.60 76.01 104.61 NOTE
r-release-macos-arm64 2.3.1 40.00 NOTE
r-release-macos-x86_64 2.3.1 65.00 NOTE
r-release-windows-x86_64 2.3.1 27.00 164.00 191.00 NOTE
r-oldrel-macos-arm64 2.3.1 63.00 NOTE
r-oldrel-macos-x86_64 2.3.1 100.00 NOTE
r-oldrel-windows-x86_64 2.3.1 28.00 120.00 148.00 NOTE

Check Details

Version: 2.3.1
Check: for GNU extensions in Makefiles
Result: NOTE GNU make is a SystemRequirements. Flavors: r-devel-linux-x86_64-debian-clang, r-devel-linux-x86_64-debian-gcc, r-devel-linux-x86_64-fedora-clang, r-devel-linux-x86_64-fedora-gcc, r-devel-windows-x86_64, r-patched-linux-x86_64, r-release-linux-x86_64, r-release-macos-arm64, r-release-macos-x86_64, r-release-windows-x86_64, r-oldrel-macos-arm64, r-oldrel-macos-x86_64, r-oldrel-windows-x86_64

Version: 2.3.1
Check: package dependencies
Result: NOTE Packages suggested but not available for checking: 'testthat', 'dplyr', 'ggplot2', 'patchwork' Flavor: r-devel-linux-x86_64-debian-gcc

Version: 2.3.1
Check: tests
Result: ERROR Running ‘testthat.R’ [0s/1s] Running the tests in ‘tests/testthat.R’ failed. Complete output: > library(testthat) Error in library(testthat) : there is no package called 'testthat' Execution halted Flavor: r-devel-linux-x86_64-debian-gcc

Version: 2.3.1
Check: re-building of vignette outputs
Result: ERROR Error(s) in re-building vignettes: ... --- re-building ‘hermiter.Rmd’ using rmarkdown Quitting from lines 69-77 [unnamed-chunk-2] (hermiter.Rmd) Error: processing vignette 'hermiter.Rmd' failed with diagnostics: there is no package called 'ggplot2' --- failed re-building ‘hermiter.Rmd’ SUMMARY: processing the following file failed: ‘hermiter.Rmd’ Error: Vignette re-building failed. Execution halted Flavor: r-devel-linux-x86_64-debian-gcc

Version: 2.3.1
Check: installed package size
Result: NOTE installed size is 5.2Mb sub-directories of 1Mb or more: R 1.6Mb doc 1.9Mb libs 1.4Mb Flavors: r-release-macos-arm64, r-release-macos-x86_64, r-oldrel-macos-arm64, r-oldrel-macos-x86_64