CRAN Package Check Results for Package hettx

Last updated on 2021-10-23 00:48:56 CEST.

Flavor Version Tinstall Tcheck Ttotal Status Flags
r-devel-linux-x86_64-debian-clang 0.1.1 10.59 284.22 294.81 OK
r-devel-linux-x86_64-debian-gcc 0.1.1 9.07 204.75 213.82 OK
r-devel-linux-x86_64-fedora-clang 0.1.1 349.35 NOTE
r-devel-linux-x86_64-fedora-gcc 0.1.1 338.36 NOTE
r-devel-windows-x86_64 0.1.1 18.00 350.00 368.00 OK
r-devel-windows-x86_64-gcc10-UCRT 0.1.1 NOTE
r-patched-linux-x86_64 0.1.1 12.36 273.41 285.77 OK
r-patched-solaris-x86 0.1.1 473.80 NOTE
r-release-linux-x86_64 0.1.1 10.80 273.66 284.46 OK
r-release-macos-arm64 0.1.1 NOTE
r-release-macos-x86_64 0.1.1 NOTE
r-release-windows-ix86+x86_64 0.1.1 18.00 333.00 351.00 OK
r-oldrel-macos-x86_64 0.1.1 NOTE
r-oldrel-windows-ix86+x86_64 0.1.1 26.00 347.00 373.00 OK

Check Details

Version: 0.1.1
Check: dependencies in R code
Result: NOTE
    Namespaces in Imports field not imported from:
     ‘dplyr’ ‘purrr’ ‘tidyverse’
     All declared Imports should be used.
Flavors: r-devel-linux-x86_64-fedora-clang, r-devel-linux-x86_64-fedora-gcc, r-devel-windows-x86_64-gcc10-UCRT, r-patched-solaris-x86, r-release-macos-arm64, r-release-macos-x86_64, r-oldrel-macos-x86_64