CRAN Package Check Results for Package hextri

Last updated on 2021-10-25 00:49:13 CEST.

Flavor Version Tinstall Tcheck Ttotal Status Flags
r-devel-linux-x86_64-debian-clang 0.6 3.01 34.96 37.97 NOTE
r-devel-linux-x86_64-debian-gcc 0.6 2.20 27.01 29.21 NOTE
r-devel-linux-x86_64-fedora-clang 0.6 56.30 OK
r-devel-linux-x86_64-fedora-gcc 0.6 44.82 OK
r-devel-windows-x86_64 0.6 5.00 60.00 65.00 NOTE
r-devel-windows-x86_64-gcc10-UCRT 0.6 OK
r-patched-linux-x86_64 0.6 2.84 29.63 32.47 NOTE
r-patched-solaris-x86 0.6 70.10 OK
r-release-linux-x86_64 0.6 3.01 29.68 32.69 NOTE
r-release-macos-arm64 0.6 OK
r-release-macos-x86_64 0.6 OK
r-release-windows-ix86+x86_64 0.6 6.00 52.00 58.00 NOTE
r-oldrel-macos-x86_64 0.6 OK
r-oldrel-windows-ix86+x86_64 0.6 8.00 55.00 63.00 NOTE

Check Details

Version: 0.6
Check: package vignettes
Result: NOTE
    Package vignette with placeholder title 'Vignette Title':
     'hexbin-classes.Rmd'
Flavors: r-devel-linux-x86_64-debian-clang, r-devel-linux-x86_64-debian-gcc, r-devel-windows-x86_64, r-patched-linux-x86_64, r-release-linux-x86_64, r-release-windows-ix86+x86_64, r-oldrel-windows-ix86+x86_64