CRAN Package Check Results for Package hgutils

Last updated on 2021-10-25 00:49:13 CEST.

Flavor Version Tinstall Tcheck Ttotal Status Flags
r-devel-linux-x86_64-debian-clang 0.2.7 6.37 58.29 64.66 NOTE
r-devel-linux-x86_64-debian-gcc 0.2.7 4.48 43.37 47.85 NOTE
r-devel-linux-x86_64-fedora-clang 0.2.7 84.25 NOTE
r-devel-linux-x86_64-fedora-gcc 0.2.7 71.96 NOTE
r-devel-windows-x86_64 0.2.7 12.00 81.00 93.00 NOTE
r-devel-windows-x86_64-gcc10-UCRT 0.0.0.9011 NOTE
r-patched-linux-x86_64 0.2.7 6.27 54.68 60.95 NOTE
r-patched-solaris-x86 0.2.7 101.50 NOTE
r-release-linux-x86_64 0.2.7 5.56 53.51 59.07 NOTE
r-release-macos-arm64 0.2.7 NOTE
r-release-macos-x86_64 0.2.7 NOTE
r-release-windows-ix86+x86_64 0.2.7 11.00 78.00 89.00 NOTE
r-oldrel-macos-x86_64 0.2.7 OK
r-oldrel-windows-ix86+x86_64 0.2.7 14.00 81.00 95.00 OK

Check Details

Version: 0.2.7
Check: LazyData
Result: NOTE
     'LazyData' is specified without a 'data' directory
Flavors: r-devel-linux-x86_64-debian-clang, r-devel-linux-x86_64-debian-gcc, r-devel-linux-x86_64-fedora-clang, r-devel-linux-x86_64-fedora-gcc, r-devel-windows-x86_64, r-devel-windows-x86_64-gcc10-UCRT, r-patched-linux-x86_64, r-patched-solaris-x86, r-release-linux-x86_64, r-release-macos-arm64, r-release-macos-x86_64, r-release-windows-ix86+x86_64