CRAN Package Check Results for Package hierarchicalSets

Last updated on 2021-10-22 00:50:28 CEST.

Flavor Version Tinstall Tcheck Ttotal Status Flags
r-devel-linux-x86_64-debian-clang 1.0.2 38.54 100.19 138.73 NOTE
r-devel-linux-x86_64-debian-gcc 1.0.2 30.18 77.90 108.08 NOTE
r-devel-linux-x86_64-fedora-clang 1.0.2 194.10 NOTE
r-devel-linux-x86_64-fedora-gcc 1.0.2 172.08 NOTE
r-devel-windows-x86_64 1.0.2 55.00 137.00 192.00 NOTE
r-devel-windows-x86_64-gcc10-UCRT 1.0.2 NOTE
r-patched-linux-x86_64 1.0.2 35.86 95.10 130.96 NOTE
r-patched-solaris-x86 1.0.2 214.10 NOTE
r-release-linux-x86_64 1.0.2 30.22 94.80 125.02 NOTE
r-release-macos-arm64 1.0.2 NOTE
r-release-macos-x86_64 1.0.2 NOTE
r-release-windows-ix86+x86_64 1.0.2 96.00 180.00 276.00 NOTE
r-oldrel-macos-x86_64 1.0.2 NOTE
r-oldrel-windows-ix86+x86_64 1.0.2 97.00 191.00 288.00 NOTE

Check Details

Version: 1.0.2
Check: dependencies in R code
Result: NOTE
    ':::' call which should be '::': 'ggplot2:::guide_axis'
     See the note in ?`:::` about the use of this operator.
    Unexported objects imported by ':::' calls:
     'ggplot2:::build_guides' 'ggplot2:::scales_list'
     See the note in ?`:::` about the use of this operator.
Flavors: r-devel-linux-x86_64-debian-clang, r-devel-linux-x86_64-debian-gcc, r-devel-linux-x86_64-fedora-clang, r-devel-linux-x86_64-fedora-gcc, r-devel-windows-x86_64, r-devel-windows-x86_64-gcc10-UCRT, r-patched-linux-x86_64, r-patched-solaris-x86, r-release-linux-x86_64, r-release-macos-arm64, r-release-macos-x86_64, r-release-windows-ix86+x86_64, r-oldrel-macos-x86_64, r-oldrel-windows-ix86+x86_64

Version: 1.0.2
Check: compiled code
Result: NOTE
    File ‘hierarchicalSets/libs/hierarchicalSets.so’:
     Found no calls to: ‘R_registerRoutines’, ‘R_useDynamicSymbols’
    
    It is good practice to register native routines and to disable symbol
    search.
    
    See ‘Writing portable packages’ in the ‘Writing R Extensions’ manual.
Flavors: r-devel-linux-x86_64-fedora-clang, r-devel-linux-x86_64-fedora-gcc