Last updated on 2023-09-29 00:56:50 CEST.
Flavor | Version | Tinstall | Tcheck | Ttotal | Status | Flags |
---|---|---|---|---|---|---|
r-devel-linux-x86_64-debian-clang | 1.0.0 | 115.92 | 311.05 | 426.97 | NOTE | |
r-devel-linux-x86_64-debian-gcc | 1.0.0 | 87.51 | 226.58 | 314.09 | NOTE | |
r-devel-linux-x86_64-fedora-clang | 1.0.0 | 518.06 | NOTE | |||
r-devel-linux-x86_64-fedora-gcc | 1.0.0 | 508.21 | NOTE | |||
r-devel-windows-x86_64 | 1.0.0 | 99.00 | 214.00 | 313.00 | NOTE | |
r-patched-linux-x86_64 | 1.0.0 | 125.85 | 257.77 | 383.62 | NOTE | |
r-release-linux-x86_64 | 1.0.0 | 116.06 | 262.38 | 378.44 | NOTE | |
r-release-macos-arm64 | 1.0.0 | 119.00 | NOTE | |||
r-release-macos-x86_64 | 1.0.0 | 203.00 | NOTE | |||
r-release-windows-x86_64 | 1.0.0 | 125.00 | 263.00 | 388.00 | NOTE | |
r-oldrel-macos-arm64 | 1.0.0 | 112.00 | NOTE | |||
r-oldrel-macos-x86_64 | 1.0.0 | 140.00 | NOTE | |||
r-oldrel-windows-x86_64 | 1.0.0 | 124.00 | 258.00 | 382.00 | OK |
Version: 1.0.0
Check: C++ specification
Result: NOTE
Specified C++11: please drop specification unless essential
Flavors: r-devel-linux-x86_64-debian-clang, r-devel-linux-x86_64-debian-gcc, r-devel-linux-x86_64-fedora-clang, r-devel-linux-x86_64-fedora-gcc, r-devel-windows-x86_64, r-patched-linux-x86_64, r-release-linux-x86_64, r-release-macos-arm64, r-release-macos-x86_64, r-release-windows-x86_64
Version: 1.0.0
Check: installed package size
Result: NOTE
installed size is 7.0Mb
sub-directories of 1Mb or more:
data 2.0Mb
libs 4.0Mb
Flavors: r-release-macos-arm64, r-release-macos-x86_64, r-oldrel-macos-arm64, r-oldrel-macos-x86_64