CRAN Package Check Results for Package hindex

Last updated on 2021-10-20 00:49:41 CEST.

Flavor Version Tinstall Tcheck Ttotal Status Flags
r-devel-linux-x86_64-debian-clang 0.2.0 3.49 37.02 40.51 NOTE
r-devel-linux-x86_64-debian-gcc 0.2.0 2.80 27.37 30.17 NOTE
r-devel-linux-x86_64-fedora-clang 0.2.0 58.33 NOTE
r-devel-linux-x86_64-fedora-gcc 0.2.0 47.07 NOTE
r-devel-windows-x86_64 0.2.0 6.00 55.00 61.00 NOTE
r-devel-windows-x86_64-gcc10-UCRT 0.2.0 NOTE
r-patched-linux-x86_64 0.2.0 3.52 35.15 38.67 NOTE
r-patched-solaris-x86 0.2.0 67.20 NOTE
r-release-linux-x86_64 0.2.0 3.50 35.25 38.75 NOTE
r-release-macos-arm64 0.2.0 NOTE
r-release-macos-x86_64 0.2.0 NOTE
r-release-windows-ix86+x86_64 0.2.0 8.00 51.00 59.00 NOTE
r-oldrel-macos-x86_64 0.2.0 OK
r-oldrel-windows-ix86+x86_64 0.2.0 8.00 54.00 62.00 OK

Check Details

Version: 0.2.0
Check: LazyData
Result: NOTE
     'LazyData' is specified without a 'data' directory
Flavors: r-devel-linux-x86_64-debian-clang, r-devel-linux-x86_64-debian-gcc, r-devel-linux-x86_64-fedora-clang, r-devel-linux-x86_64-fedora-gcc, r-devel-windows-x86_64, r-devel-windows-x86_64-gcc10-UCRT, r-patched-linux-x86_64, r-patched-solaris-x86, r-release-linux-x86_64, r-release-macos-arm64, r-release-macos-x86_64, r-release-windows-ix86+x86_64