CRAN Package Check Results for Package hkdatasets

Last updated on 2024-07-16 00:56:01 CEST.

Flavor Version Tinstall Tcheck Ttotal Status Flags
r-devel-linux-x86_64-debian-clang 1.0.0 3.01 29.69 32.70 OK
r-devel-linux-x86_64-debian-gcc 1.0.0 2.28 22.71 24.99 OK
r-devel-linux-x86_64-fedora-clang 1.0.0 41.44 NOTE
r-devel-linux-x86_64-fedora-gcc 1.0.0 38.51 NOTE
r-devel-windows-x86_64 1.0.0 3.00 44.00 47.00 OK
r-patched-linux-x86_64 1.0.0 2.65 27.69 30.34 OK
r-release-linux-x86_64 1.0.0 2.98 28.42 31.40 OK
r-release-macos-arm64 1.0.0 14.00 OK
r-release-macos-x86_64 1.0.0 24.00 OK
r-release-windows-x86_64 1.0.0 4.00 44.00 48.00 OK
r-oldrel-macos-arm64 1.0.0 19.00 OK
r-oldrel-macos-x86_64 1.0.0 25.00 OK
r-oldrel-windows-x86_64 1.0.0 4.00 48.00 52.00 OK

Check Details

Version: 1.0.0
Check: data for non-ASCII characters
Result: NOTE Note: found 9638 marked UTF-8 strings Flavors: r-devel-linux-x86_64-fedora-clang, r-devel-linux-x86_64-fedora-gcc