CRAN Package Check Results for Package hkdatasets

Last updated on 2022-12-09 00:53:28 CET.

Flavor Version Tinstall Tcheck Ttotal Status Flags
r-devel-linux-x86_64-debian-clang 1.0.0 2.56 30.18 32.74 OK
r-devel-linux-x86_64-debian-gcc 1.0.0 2.30 23.27 25.57 OK
r-devel-linux-x86_64-fedora-clang 1.0.0 51.64 NOTE
r-devel-linux-x86_64-fedora-gcc 1.0.0 50.11 NOTE
r-devel-windows-x86_64 1.0.0 16.00 59.00 75.00 OK
r-patched-linux-x86_64 1.0.0 2.39 28.87 31.26 OK
r-release-linux-x86_64 1.0.0 2.52 28.73 31.25 OK
r-release-macos-arm64 1.0.0 16.00 NOTE
r-release-macos-x86_64 1.0.0 24.00 NOTE
r-release-windows-x86_64 1.0.0 20.00 61.00 81.00 OK
r-oldrel-macos-arm64 1.0.0 22.00 NOTE
r-oldrel-macos-x86_64 1.0.0 24.00 NOTE
r-oldrel-windows-ix86+x86_64 1.0.0 7.00 62.00 69.00 OK

Check Details

Version: 1.0.0
Check: data for non-ASCII characters
Result: NOTE
     Note: found 9638 marked UTF-8 strings
Flavors: r-devel-linux-x86_64-fedora-clang, r-devel-linux-x86_64-fedora-gcc, r-release-macos-arm64, r-release-macos-x86_64, r-oldrel-macos-arm64, r-oldrel-macos-x86_64