CRAN Package Check Results for Package hmmr

Last updated on 2024-02-23 00:59:31 CET.

Flavor Version Tinstall Tcheck Ttotal Status Flags
r-devel-linux-x86_64-debian-clang 1.0-0 NOTE
r-devel-linux-x86_64-debian-gcc 1.0-0 2.75 44.53 47.28 NOTE
r-devel-linux-x86_64-fedora-clang 1.0-0 77.83 NOTE
r-devel-linux-x86_64-fedora-gcc 1.0-0 76.15 NOTE
r-devel-windows-x86_64 1.0-0 5.00 70.00 75.00 NOTE
r-patched-linux-x86_64 1.0-0 5.38 58.68 64.06 NOTE
r-release-linux-x86_64 1.0-0 4.78 58.22 63.00 NOTE
r-release-macos-arm64 1.0-0 29.00 NOTE
r-release-macos-x86_64 1.0-0 44.00 NOTE
r-release-windows-x86_64 1.0-0 6.00 78.00 84.00 NOTE
r-oldrel-macos-arm64 1.0-0 35.00 OK
r-oldrel-windows-x86_64 1.0-0 7.00 88.00 95.00 OK

Check Details

Version: 1.0-0
Check: Rd files
Result: NOTE checkRd: (-1) disc42.Rd:28: Escaped LaTeX specials: \& checkRd: (-1) discrimination.Rd:31: Escaped LaTeX specials: \& Flavors: r-devel-linux-x86_64-debian-clang, r-devel-linux-x86_64-debian-gcc, r-devel-linux-x86_64-fedora-clang, r-devel-linux-x86_64-fedora-gcc, r-devel-windows-x86_64, r-patched-linux-x86_64, r-release-linux-x86_64, r-release-macos-arm64, r-release-macos-x86_64, r-release-windows-x86_64